CRAN Package Check Results for Package fredr

Last updated on 2020-03-27 00:49:22 CET.

Flavor Version Tinstall Tcheck Ttotal Status Flags
r-devel-linux-x86_64-debian-clang 1.0.0 3.27 39.61 42.88 OK
r-devel-linux-x86_64-debian-gcc 1.0.0 2.49 31.00 33.49 OK
r-devel-linux-x86_64-fedora-clang 1.0.0 52.45 NOTE
r-devel-linux-x86_64-fedora-gcc 1.0.0 48.82 NOTE
r-devel-windows-ix86+x86_64 1.0.0 9.00 57.00 66.00 OK
r-devel-windows-ix86+x86_64-gcc8 1.0.0 10.00 65.00 75.00 OK
r-patched-linux-x86_64 1.0.0 2.74 36.14 38.88 OK
r-patched-solaris-x86 1.0.0 67.60 NOTE
r-release-linux-x86_64 1.0.0 2.33 36.37 38.70 OK
r-release-windows-ix86+x86_64 1.0.0 11.00 88.00 99.00 OK
r-release-osx-x86_64 1.0.0 NOTE
r-oldrel-windows-ix86+x86_64 1.0.0 9.00 71.00 80.00 OK
r-oldrel-osx-x86_64 1.0.0 NOTE

Check Details

Version: 1.0.0
Check: data for non-ASCII characters
Result: NOTE
     Note: found 1 marked UTF-8 string
Flavors: r-devel-linux-x86_64-fedora-clang, r-devel-linux-x86_64-fedora-gcc, r-patched-solaris-x86, r-release-osx-x86_64, r-oldrel-osx-x86_64