CRAN Package Check Results for Package fs

Last updated on 2020-03-27 00:49:22 CET.

Flavor Version Tinstall Tcheck Ttotal Status Flags
r-devel-linux-x86_64-debian-clang 1.3.2 96.88 48.73 145.61 NOTE
r-devel-linux-x86_64-debian-gcc 1.3.2 54.19 42.58 96.77 NOTE
r-devel-linux-x86_64-fedora-clang 1.3.2 198.77 NOTE
r-devel-linux-x86_64-fedora-gcc 1.3.2 164.53 NOTE
r-devel-windows-ix86+x86_64 1.3.2 183.00 86.00 269.00 NOTE
r-devel-windows-ix86+x86_64-gcc8 1.3.1 92.00 7.00 99.00 ERROR
r-patched-linux-x86_64 1.3.2 68.67 48.90 117.57 NOTE
r-patched-solaris-x86 1.3.2 152.30 NOTE
r-release-linux-x86_64 1.3.2 68.63 49.90 118.53 NOTE
r-release-windows-ix86+x86_64 1.3.2 276.00 120.00 396.00 NOTE
r-release-osx-x86_64 1.3.2 NOTE
r-oldrel-windows-ix86+x86_64 1.3.2 272.00 109.00 381.00 NOTE
r-oldrel-osx-x86_64 1.3.2 NOTE

Check Details

Version: 1.3.2
Check: for GNU extensions in Makefiles
Result: NOTE
    GNU make is a SystemRequirements.
Flavors: r-devel-linux-x86_64-debian-clang, r-devel-linux-x86_64-debian-gcc, r-devel-linux-x86_64-fedora-clang, r-devel-linux-x86_64-fedora-gcc, r-devel-windows-ix86+x86_64, r-patched-linux-x86_64, r-patched-solaris-x86, r-release-linux-x86_64, r-release-windows-ix86+x86_64, r-release-osx-x86_64, r-oldrel-windows-ix86+x86_64, r-oldrel-osx-x86_64

Version: 1.3.1
Check: whether package can be installed
Result: ERROR
    Installation failed.
Flavor: r-devel-windows-ix86+x86_64-gcc8