CRAN Package Check Results for Package gaiah

Last updated on 2020-03-27 00:49:22 CET.

Flavor Version Tinstall Tcheck Ttotal Status Flags
r-devel-linux-x86_64-debian-clang 0.0.2 3.14 33.51 36.65 OK
r-devel-linux-x86_64-debian-gcc 0.0.2 2.53 25.95 28.48 OK
r-devel-linux-x86_64-fedora-clang 0.0.2 44.93 NOTE
r-devel-linux-x86_64-fedora-gcc 0.0.2 41.72 NOTE
r-devel-windows-ix86+x86_64 0.0.2 11.00 43.00 54.00 OK
r-devel-windows-ix86+x86_64-gcc8 0.0.2 8.00 50.00 58.00 OK
r-patched-linux-x86_64 0.0.2 2.48 30.19 32.67 OK
r-patched-solaris-x86 0.0.2 63.00 NOTE
r-release-linux-x86_64 0.0.2 2.36 29.93 32.29 OK
r-release-windows-ix86+x86_64 0.0.2 15.00 62.00 77.00 OK
r-release-osx-x86_64 0.0.2 NOTE
r-oldrel-windows-ix86+x86_64 0.0.2 8.00 65.00 73.00 OK
r-oldrel-osx-x86_64 0.0.2 NOTE

Check Details

Version: 0.0.2
Check: dependencies in R code
Result: NOTE
    Namespaces in Imports field not imported from:
     ‘ggplot2’ ‘maptools’ ‘rgeos’ ‘stringr’ ‘tidyr’
     All declared Imports should be used.
Flavors: r-devel-linux-x86_64-fedora-clang, r-devel-linux-x86_64-fedora-gcc, r-patched-solaris-x86, r-release-osx-x86_64, r-oldrel-osx-x86_64