Last updated on 2020-03-27 00:49:22 CET.
Flavor | Version | Tinstall | Tcheck | Ttotal | Status | Flags |
---|---|---|---|---|---|---|
r-devel-linux-x86_64-debian-clang | 5.1-6 | 31.71 | 216.33 | 248.04 | OK | |
r-devel-linux-x86_64-debian-gcc | 5.1-6 | 22.65 | 157.61 | 180.26 | OK | |
r-devel-linux-x86_64-fedora-clang | 5.1-6 | 293.21 | OK | |||
r-devel-linux-x86_64-fedora-gcc | 5.1-6 | 280.23 | OK | |||
r-devel-windows-ix86+x86_64 | 5.1-6 | 43.00 | 264.00 | 307.00 | OK | |
r-devel-windows-ix86+x86_64-gcc8 | 5.1-6 | 48.00 | 291.00 | 339.00 | OK | |
r-patched-linux-x86_64 | 5.1-6 | 22.48 | 193.95 | 216.43 | OK | |
r-patched-solaris-x86 | 5.1-6 | 348.70 | OK | |||
r-release-linux-x86_64 | 5.1-6 | 24.36 | 191.45 | 215.81 | OK | |
r-release-windows-ix86+x86_64 | 5.1-6 | 57.00 | 297.00 | 354.00 | OK | |
r-release-osx-x86_64 | 5.1-6 | OK | ||||
r-oldrel-windows-ix86+x86_64 | 5.1-6 | 49.00 | 307.00 | 356.00 | NOTE | |
r-oldrel-osx-x86_64 | 5.1-6 | NOTE |
Version: 5.1-6
Check: R code for possible problems
Result: NOTE
lms: no visible global function definition for 'str2lang'
Undefined global functions or variables:
str2lang
Flavors: r-oldrel-windows-ix86+x86_64, r-oldrel-osx-x86_64