CRAN Package Check Results for Package gamlssbssn

Last updated on 2020-03-27 00:49:22 CET.

Flavor Version Tinstall Tcheck Ttotal Status Flags
r-devel-linux-x86_64-debian-clang 0.1.0 2.48 22.97 25.45 OK
r-devel-linux-x86_64-debian-gcc 0.1.0 1.83 18.35 20.18 OK
r-devel-linux-x86_64-fedora-clang 0.1.0 31.84 NOTE
r-devel-linux-x86_64-fedora-gcc 0.1.0 29.90 NOTE
r-devel-windows-ix86+x86_64 0.1.0 6.00 32.00 38.00 OK
r-devel-windows-ix86+x86_64-gcc8 0.1.0 6.00 37.00 43.00 OK
r-patched-linux-x86_64 0.1.0 2.10 21.07 23.17 OK
r-patched-solaris-x86 0.1.0 48.20 NOTE
r-release-linux-x86_64 0.1.0 1.89 21.05 22.94 OK
r-release-windows-ix86+x86_64 0.1.0 7.00 37.00 44.00 OK
r-release-osx-x86_64 0.1.0 NOTE
r-oldrel-windows-ix86+x86_64 0.1.0 4.00 44.00 48.00 OK
r-oldrel-osx-x86_64 0.1.0 NOTE

Check Details

Version: 0.1.0
Check: dependencies in R code
Result: NOTE
    Namespaces in Imports field not imported from:
     ‘MASS’ ‘gamlss’
     All declared Imports should be used.
Flavors: r-devel-linux-x86_64-fedora-clang, r-devel-linux-x86_64-fedora-gcc, r-patched-solaris-x86, r-release-osx-x86_64, r-oldrel-osx-x86_64