CRAN Package Check Results for Package gapfill

Last updated on 2020-03-27 00:49:22 CET.

Flavor Version Tinstall Tcheck Ttotal Status Flags
r-devel-linux-x86_64-debian-clang 0.9.6 27.42 122.05 149.47 OK
r-devel-linux-x86_64-debian-gcc 0.9.6 18.79 92.36 111.15 OK
r-devel-linux-x86_64-fedora-clang 0.9.6 186.76 OK
r-devel-linux-x86_64-fedora-gcc 0.9.6 168.67 OK
r-devel-windows-ix86+x86_64 0.9.6 51.00 178.00 229.00 OK
r-devel-windows-ix86+x86_64-gcc8 0.9.6 63.00 209.00 272.00 OK
r-patched-linux-x86_64 0.9.6 20.54 103.15 123.69 OK
r-patched-solaris-x86 0.9.6 226.90 OK
r-release-linux-x86_64 0.9.6 19.68 102.61 122.29 OK
r-release-windows-ix86+x86_64 0.9.6 79.00 237.00 316.00 OK
r-release-osx-x86_64 0.9.6 NOTE
r-oldrel-windows-ix86+x86_64 0.9.6 57.00 250.00 307.00 OK
r-oldrel-osx-x86_64 0.9.6 NOTE

Check Details

Version: 0.9.6
Check: package dependencies
Result: NOTE
    Package which this enhances but not available for checking: ‘doMPI’
Flavors: r-release-osx-x86_64, r-oldrel-osx-x86_64