Last updated on 2020-03-27 00:49:22 CET.
Flavor | Version | Tinstall | Tcheck | Ttotal | Status | Flags |
---|---|---|---|---|---|---|
r-devel-linux-x86_64-debian-clang | 0.1.0.0 | 74.72 | 62.30 | 137.02 | OK | |
r-devel-linux-x86_64-debian-gcc | 0.1.0.0 | 51.07 | 52.58 | 103.65 | OK | |
r-devel-linux-x86_64-fedora-clang | 0.1.0.0 | 190.21 | NOTE | |||
r-devel-linux-x86_64-fedora-gcc | 0.1.0.0 | 171.32 | OK | |||
r-devel-windows-ix86+x86_64 | 0.1.0.0 | 115.00 | 124.00 | 239.00 | OK | |
r-devel-windows-ix86+x86_64-gcc8 | 0.1.0.0 | 143.00 | 142.00 | 285.00 | OK | |
r-patched-linux-x86_64 | 0.1.0.0 | 59.73 | 57.01 | 116.74 | OK | |
r-patched-solaris-x86 | 0.1.0.0 | 188.00 | OK | |||
r-release-linux-x86_64 | 0.1.0.0 | 57.91 | 57.95 | 115.86 | OK | |
r-release-windows-ix86+x86_64 | 0.1.0.0 | 187.00 | 147.00 | 334.00 | OK | |
r-release-osx-x86_64 | 0.1.0.0 | OK | ||||
r-oldrel-windows-ix86+x86_64 | 0.1.0.0 | 169.00 | 168.00 | 337.00 | OK | |
r-oldrel-osx-x86_64 | 0.1.0.0 | OK |
Version: 0.1.0.0
Check: installed package size
Result: NOTE
installed size is 5.7Mb
sub-directories of 1Mb or more:
libs 5.3Mb
Flavor: r-devel-linux-x86_64-fedora-clang