CRAN Package Check Results for Package genSurv

Last updated on 2020-03-27 00:49:22 CET.

Flavor Version Tinstall Tcheck Ttotal Status Flags
r-devel-linux-x86_64-debian-clang 1.0.3 3.48 27.31 30.79 OK
r-devel-linux-x86_64-debian-gcc 1.0.3 2.58 21.29 23.87 OK
r-devel-linux-x86_64-fedora-clang 1.0.3 40.02 NOTE
r-devel-linux-x86_64-fedora-gcc 1.0.3 35.40 NOTE
r-devel-windows-ix86+x86_64 1.0.3 12.00 46.00 58.00 OK
r-devel-windows-ix86+x86_64-gcc8 1.0.3 9.00 52.00 61.00 OK
r-patched-linux-x86_64 1.0.3 3.03 24.64 27.67 OK
r-patched-solaris-x86 1.0.3 53.80 OK
r-release-linux-x86_64 1.0.3 2.82 24.87 27.69 OK
r-release-windows-ix86+x86_64 1.0.3 13.00 52.00 65.00 OK
r-release-osx-x86_64 1.0.3 OK
r-oldrel-windows-ix86+x86_64 1.0.3 10.00 65.00 75.00 OK
r-oldrel-osx-x86_64 1.0.3 OK

Check Details

Version: 1.0.3
Check: compiled code
Result: NOTE
    File ‘genSurv/libs/genSurv.so’:
     Found no calls to: ‘R_registerRoutines’, ‘R_useDynamicSymbols’
    
    It is good practice to register native routines and to disable symbol
    search.
    
    See ‘Writing portable packages’ in the ‘Writing R Extensions’ manual.
Flavors: r-devel-linux-x86_64-fedora-clang, r-devel-linux-x86_64-fedora-gcc