CRAN Package Check Results for Package geobr

Last updated on 2020-03-27 00:49:22 CET.

Flavor Version Tinstall Tcheck Ttotal Status Flags
r-devel-linux-x86_64-debian-clang 1.2 3.77 53.96 57.73 OK
r-devel-linux-x86_64-debian-gcc 1.2 4.15 42.00 46.15 ERROR
r-devel-linux-x86_64-fedora-clang 1.2 76.78 ERROR
r-devel-linux-x86_64-fedora-gcc 1.2 73.27 ERROR
r-devel-windows-ix86+x86_64 1.2 14.00 134.00 148.00 OK
r-devel-windows-ix86+x86_64-gcc8 1.2 12.00 137.00 149.00 OK
r-patched-linux-x86_64 1.2 3.96 44.61 48.57 ERROR
r-patched-solaris-x86 1.2 112.20 ERROR
r-release-linux-x86_64 1.2 4.37 49.98 54.35 ERROR
r-release-windows-ix86+x86_64 1.2 22.00 204.00 226.00 OK
r-release-osx-x86_64 1.2 NOTE
r-oldrel-windows-ix86+x86_64 1.2 14.00 0.00 14.00 FAIL
r-oldrel-osx-x86_64 1.2 NOTE

Additional issues

donttest

Check Details

Version: 1.2
Check: tests
Result: ERROR
     Running ‘testthat.R’ [2s/12s]
    Running the tests in ‘tests/testthat.R’ failed.
    Complete output:
     > library(testthat)
     > library(geobr)
     Loading required namespace: sf
     > library(sf)
     Linking to GEOS 3.8.0, GDAL 3.0.4, PROJ 7.0.0
     >
     > test_check("geobr")
    
     |
     | | 0%
     |
     |=== | 4%
     |
     |==== | 6%
     |
     |===== | 6%
     |
     |====== | 9%
     |
     |======= | 10%
     |
     |========= | 13%
     |
     |========== | 14%
     |
     |=========== | 16%
     |
     |============ | 17%
     |
     |============== | 20%
     |
     |=============== | 22%
     |
     |================= | 24%
     |
     |==================== | 28%
     |
     |==================== | 29%
     |
     |===================== | 30%
     |
     |======================= | 33%
     |
     |======================== | 34%
     |
     |========================= | 36%
     |
     |========================== | 37%
     |
     |============================ | 40%
     |
     |============================= | 41%
     |
     |=============================== | 44%
     |
     |=============================== | 45%
     |
     |================================ | 45%
     |
     |================================== | 48%
     |
     |================================== | 49%
     |
     |=================================== | 50%
     |
     |=================================== | 51%
     |
     |==================================== | 51%
     |
     |==================================== | 52%
     |
     |===================================== | 52%
     |
     |====================================== | 55%
     |
     |======================================= | 55%
     |
     |========================================== | 59%
     |
     |========================================== | 61%
     |
     |============================================ | 62%
     |
     |============================================= | 64%
     |
     |============================================= | 65%
     |
     |============================================== | 66%
     |
     |=============================================== | 66%
     |
     |=============================================== | 67%
     |
     |=============================================== | 68%
     |
     |================================================ | 69%
     |
     |================================================= | 70%
     |
     |================================================= | 71%
     |
     |================================================== | 71%
     |
     |================================================== | 72%
     |
     |=================================================== | 72%
     |
     |==================================================== | 74%
     |
     |===================================================== | 76%
     |
     |====================================================== | 77%
     |
     |======================================================= | 79%
     |
     |======================================================== | 79%
     |
     |========================================================= | 81%
     |
     |=========================================================== | 84%
     |
     |============================================================ | 86%
     |
     |=============================================================== | 90%
     |
     |================================================================ | 91%
     |
     |================================================================ | 92%
     |
     |================================================================== | 95%
     |
     |=================================================================== | 96%
     |
     |==================================================================== | 97%
     |
     |==================================================================== | 98%
     |
     |===================================================================== | 98%
     |
     |===================================================================== | 99%
     |
     |======================================================================| 99%
     |
     |======================================================================| 100%
    
     |
     | | 0%
     |
     |== | 3%
     |
     |=== | 4%
     |
     |===== | 7%
     |
     |====== | 9%
     |
     |======= | 10%
     |
     |======== | 11%
     |
     |======== | 12%
     |
     |========= | 13%
     |
     |========== | 14%
     |
     |========== | 15%
     |
     |=========== | 16%
     |
     |============ | 17%
     |
     |============= | 18%
     |
     |============== | 21%
     |
     |=============== | 22%
     |
     |================ | 23%
     |
     |================= | 24%
     |
     |================= | 25%
     |
     |================== | 25%
     |
     |================== | 26%
     |
     |=================== | 27%
     |
     |=================== | 28%
     |
     |==================== | 28%
     |
     |==================== | 29%
     |
     |===================== | 29%
     |
     |===================== | 30%
     |
     |====================== | 31%
     |
     |====================== | 32%
     |
     |======================= | 32%
     |
     |======================= | 33%
     |
     |======================= | 34%
     |
     |======================== | 34%
     |
     |======================== | 35%
     |
     |========================= | 35%
     |
     |========================= | 36%
     |
     |========================== | 37%
     |
     |========================== | 38%
     |
     |=========================== | 38%
     |
     |=========================== | 39%
     |
     |============================== | 43%
     |
     |================================ | 46%
     |
     |=================================== | 50%
     |
     |====================================== | 54%
     |
     |========================================= | 58%
     |
     |========================================== | 61%
     |
     |=========================================== | 61%
     |
     |=========================================== | 62%
     |
     |============================================ | 62%
     |
     |============================================ | 63%
     |
     |============================================= | 64%
     |
     |=============================================== | 68%
     |
     |================================================ | 68%
     |
     |================================================ | 69%
     |
     |================================================= | 70%
     |
     |================================================== | 71%
     |
     |=================================================== | 73%
     |
     |==================================================== | 74%
     |
     |===================================================== | 76%
     |
     |====================================================== | 77%
     |
     |======================================================= | 78%
     |
     |======================================================== | 79%
     |
     |======================================================== | 80%
     |
     |========================================================= | 81%
     |
     |========================================================== | 83%
     |
     |=========================================================== | 84%
     |
     |============================================================ | 86%
     |
     |============================================================= | 87%
     |
     |============================================================== | 89%
     |
     |================================================================= | 92%
     |
     |================================================================= | 93%
     |
     |=================================================================== | 95%
     |
     |==================================================================== | 97%
     |
     |======================================================================| 99%
     |
     |======================================================================| 100%
     ── 1. Failure: read_amazon (@test-read_amazon.R#21) ───────────────────────────
     ncol(test_sf) not equal to 2.
     1/1 mismatches
     [1] 1 - 2 == -1
    
     ── 2. Failure: read_amazon (@test-read_amazon.R#24) ───────────────────────────
     sf::st_crs(test_sf)[[2]] not equal to "+proj=longlat +ellps=GRS80 +towgs84=0,0,0,0,0,0,0 +no_defs".
     1/1 mismatches
     x[1]: "GEOGCRS[\"SIRGAS 2000\",\n DATUM[\"Sistema de Referencia Geocentrico p
     x[1]: ara las AmericaS 2000\",\n ELLIPSOID[\"GRS 1980\",6378137,298.25722
     x[1]: 2101,\n LENGTHUNIT[\"metre\",1]]],\n PRIMEM[\"Greenwich\",0,
     x[1]: \n ANGLEUNIT[\"degree\",0.0174532925199433]],\n CS[ellipsoidal,2
     x[1]: ],\n AXIS[\"geodetic latitude (Lat)\",north,\n ORDER[...
     y[1]: "+proj=longlat +ellps=GRS80 +towgs84=0,0,0,0,0,0,0 +no_defs"
    
     ══ testthat results ═══════════════════════════════════════════════════════════
     [ OK: 6 | SKIPPED: 23 | WARNINGS: 0 | FAILED: 2 ]
     1. Failure: read_amazon (@test-read_amazon.R#21)
     2. Failure: read_amazon (@test-read_amazon.R#24)
    
     Error: testthat unit tests failed
     Execution halted
Flavor: r-devel-linux-x86_64-debian-gcc

Version: 1.2
Check: data for non-ASCII characters
Result: NOTE
     Note: found 58 marked UTF-8 strings
Flavors: r-devel-linux-x86_64-fedora-clang, r-devel-linux-x86_64-fedora-gcc, r-patched-solaris-x86, r-release-osx-x86_64, r-oldrel-osx-x86_64

Version: 1.2
Check: tests
Result: ERROR
     Running ‘testthat.R’ [4s/48s]
    Running the tests in ‘tests/testthat.R’ failed.
    Complete output:
     > library(testthat)
     > library(geobr)
     Loading required namespace: sf
     > library(sf)
     Linking to GEOS 3.7.1, GDAL 2.3.2, PROJ 5.2.0
     >
     > test_check("geobr")
    
     |
     | | 0%
     |
     | | 1%
     |
     |= | 2%
     |
     |== | 3%
     |
     |=== | 5%
     |
     |===== | 7%
     |
     |====== | 9%
     |
     |======== | 12%
     |
     |========== | 15%
     |
     |=========== | 16%
     |
     |============ | 18%
     |
     |============= | 19%
     |
     |================ | 23%
     |
     |================= | 24%
     |
     |================= | 25%
     |
     |=================== | 27%
     |
     |==================== | 29%
     |
     |====================== | 31%
     |
     |======================= | 33%
     |
     |======================= | 34%
     |
     |======================== | 34%
     |
     |========================= | 36%
     |
     |========================== | 37%
     |
     |============================ | 39%
     |
     |============================= | 42%
     |
     |================================ | 46%
     |
     |================================= | 47%
     |
     |================================== | 48%
     |
     |================================== | 49%
     |
     |=================================== | 49%
     |
     |=================================== | 50%
     |
     |=================================== | 51%
     |
     |==================================== | 52%
     |
     |===================================== | 53%
     |
     |====================================== | 54%
     |
     |====================================== | 55%
     |
     |======================================= | 56%
     |
     |======================================== | 57%
     |
     |========================================= | 59%
     |
     |========================================== | 61%
     |
     |============================================ | 62%
     |
     |============================================ | 63%
     |
     |============================================== | 65%
     |
     |================================================ | 68%
     |
     |================================================== | 72%
     |
     |==================================================== | 75%
     |
     |===================================================== | 76%
     |
     |======================================================= | 79%
     |
     |======================================================== | 80%
     |
     |=========================================================== | 84%
     |
     |=========================================================== | 85%
     |
     |============================================================ | 86%
     |
     |=============================================================== | 89%
     |
     |=============================================================== | 90%
     |
     |================================================================ | 91%
     |
     |================================================================== | 95%
     |
     |==================================================================== | 97%
     |
     |======================================================================| 100%
    
     |
     | | 0%
     |
     |= | 1%
     |
     |=== | 4%
     |
     |===== | 7%
     |
     |===== | 8%
     |
     |======= | 10%
     |
     |========= | 12%
     |
     |========== | 14%
     |
     |=========== | 16%
     |
     |============== | 19%
     |
     |================ | 22%
     |
     |================ | 23%
     |
     |================= | 25%
     |
     |================== | 26%
     |
     |=================== | 27%
     |
     |===================== | 30%
     |
     |======================= | 33%
     |
     |======================== | 35%
     |
     |========================= | 35%
     |
     |========================== | 37%
     |
     |=========================== | 39%
     |
     |============================== | 43%
     |
     |=============================== | 45%
     |
     |================================= | 47%
     |
     |=================================== | 50%
     |
     |==================================== | 52%
     |
     |====================================== | 54%
     |
     |========================================= | 58%
     |
     |=========================================== | 61%
     |
     |============================================ | 62%
     |
     |============================================ | 63%
     |
     |============================================= | 64%
     |
     |============================================== | 65%
     |
     |================================================ | 68%
     |
     |================================================= | 70%
     |
     |================================================== | 71%
     |
     |=================================================== | 73%
     |
     |====================================================== | 77%
     |
     |========================================================= | 81%
     |
     |=========================================================== | 84%
     |
     |============================================================ | 86%
     |
     |============================================================= | 87%
     |
     |============================================================== | 88%
     |
     |============================================================== | 89%
     |
     |=============================================================== | 90%
     |
     |================================================================ | 91%
     |
     |================================================================= | 92%
     |
     |================================================================== | 95%
     |
     |=================================================================== | 96%
     |
     |======================================================================| 99%
     |
     |======================================================================| 100%
     ── 1. Failure: read_amazon (@test-read_amazon.R#24) ───────────────────────────
     sf::st_crs(test_sf)[[2]] not equal to "+proj=longlat +ellps=GRS80 +towgs84=0,0,0,0,0,0,0 +no_defs".
     1/1 mismatches
     x[1]: "GEOGCS[\"GRS 1980(IUGG, 1980)\",\n DATUM[\"unknown\",\n SPHEROI
     x[1]: D[\"GRS80\",6378137,298.257222101],\n TOWGS84[0,0,0,0,0,0,0]],\n
     x[1]: PRIMEM[\"Greenwich\",0],\n UNIT[\"degree\",0.0174532925199433]]"
     y[1]: "+proj=longlat +ellps=GRS80 +towgs84=0,0,0,0,0,0,0 +no_defs"
    
     ══ testthat results ═══════════════════════════════════════════════════════════
     [ OK: 7 | SKIPPED: 23 | WARNINGS: 0 | FAILED: 1 ]
     1. Failure: read_amazon (@test-read_amazon.R#24)
    
     Error: testthat unit tests failed
     Execution halted
Flavor: r-devel-linux-x86_64-fedora-clang

Version: 1.2
Check: tests
Result: ERROR
     Running ‘testthat.R’ [4s/18s]
    Running the tests in ‘tests/testthat.R’ failed.
    Complete output:
     > library(testthat)
     > library(geobr)
     Loading required namespace: sf
     > library(sf)
     Linking to GEOS 3.7.1, GDAL 2.3.2, PROJ 5.2.0
     >
     > test_check("geobr")
    
     |
     | | 0%
     |
     |== | 2%
     |
     |==== | 6%
     |
     |===== | 7%
     |
     |======= | 10%
     |
     |========= | 13%
     |
     |=========== | 16%
     |
     |============ | 17%
     |
     |============== | 21%
     |
     |=============== | 22%
     |
     |================ | 23%
     |
     |================= | 24%
     |
     |================= | 25%
     |
     |================== | 26%
     |
     |=================== | 28%
     |
     |==================== | 28%
     |
     |===================== | 30%
     |
     |======================== | 34%
     |
     |======================== | 35%
     |
     |========================= | 36%
     |
     |========================== | 37%
     |
     |=========================== | 38%
     |
     |=========================== | 39%
     |
     |============================ | 40%
     |
     |============================= | 41%
     |
     |============================= | 42%
     |
     |============================== | 43%
     |
     |================================ | 45%
     |
     |================================ | 46%
     |
     |================================== | 48%
     |
     |=================================== | 50%
     |
     |==================================== | 51%
     |
     |==================================== | 52%
     |
     |===================================== | 53%
     |
     |====================================== | 54%
     |
     |======================================= | 55%
     |
     |======================================= | 56%
     |
     |======================================== | 57%
     |
     |======================================== | 58%
     |
     |========================================= | 59%
     |
     |========================================== | 60%
     |
     |========================================== | 61%
     |
     |=========================================== | 61%
     |
     |=========================================== | 62%
     |
     |============================================ | 63%
     |
     |============================================= | 64%
     |
     |============================================== | 66%
     |
     |=============================================== | 67%
     |
     |================================================ | 69%
     |
     |================================================= | 70%
     |
     |================================================== | 71%
     |
     |================================================== | 72%
     |
     |=================================================== | 73%
     |
     |===================================================== | 76%
     |
     |======================================================= | 79%
     |
     |======================================================== | 80%
     |
     |========================================================= | 81%
     |
     |========================================================= | 82%
     |
     |========================================================== | 82%
     |
     |========================================================== | 83%
     |
     |=========================================================== | 84%
     |
     |=========================================================== | 85%
     |
     |============================================================ | 86%
     |
     |============================================================= | 87%
     |
     |============================================================= | 88%
     |
     |============================================================== | 89%
     |
     |=============================================================== | 90%
     |
     |================================================================ | 91%
     |
     |================================================================ | 92%
     |
     |================================================================= | 92%
     |
     |================================================================= | 93%
     |
     |================================================================== | 94%
     |
     |================================================================== | 95%
     |
     |=================================================================== | 96%
     |
     |==================================================================== | 97%
     |
     |==================================================================== | 98%
     |
     |===================================================================== | 99%
     |
     |======================================================================| 100%
    
     |
     | | 0%
     |
     |= | 2%
     |
     |=== | 4%
     |
     |==== | 5%
     |
     |===== | 7%
     |
     |====== | 8%
     |
     |======= | 10%
     |
     |======== | 11%
     |
     |======== | 12%
     |
     |========= | 13%
     |
     |=========== | 15%
     |
     |============ | 17%
     |
     |============= | 19%
     |
     |============== | 20%
     |
     |=============== | 21%
     |
     |=============== | 22%
     |
     |================ | 22%
     |
     |================ | 23%
     |
     |================= | 24%
     |
     |================= | 25%
     |
     |================== | 25%
     |
     |================== | 26%
     |
     |=================== | 27%
     |
     |=================== | 28%
     |
     |==================== | 28%
     |
     |==================== | 29%
     |
     |===================== | 30%
     |
     |====================== | 31%
     |
     |====================== | 32%
     |
     |======================= | 32%
     |
     |======================= | 33%
     |
     |======================== | 34%
     |
     |======================== | 35%
     |
     |========================= | 36%
     |
     |========================== | 37%
     |
     |========================== | 38%
     |
     |=========================== | 38%
     |
     |=========================== | 39%
     |
     |============================ | 39%
     |
     |============================ | 40%
     |
     |============================= | 41%
     |
     |============================= | 42%
     |
     |============================== | 42%
     |
     |============================== | 43%
     |
     |================================= | 47%
     |
     |==================================== | 51%
     |
     |======================================= | 55%
     |
     |========================================= | 59%
     |
     |============================================ | 63%
     |
     |=============================================== | 67%
     |
     |================================================= | 70%
     |
     |================================================== | 71%
     |
     |================================================== | 72%
     |
     |=================================================== | 72%
     |
     |=================================================== | 73%
     |
     |==================================================== | 74%
     |
     |===================================================== | 75%
     |
     |===================================================== | 76%
     |
     |======================================================= | 78%
     |
     |======================================================== | 79%
     |
     |========================================================= | 82%
     |
     |========================================================== | 83%
     |
     |============================================================ | 86%
     |
     |============================================================= | 88%
     |
     |============================================================== | 89%
     |
     |================================================================= | 93%
     |
     |==================================================================== | 97%
     |
     |===================================================================== | 98%
     |
     |===================================================================== | 99%
     |
     |======================================================================| 100%
     ── 1. Failure: read_amazon (@test-read_amazon.R#24) ───────────────────────────
     sf::st_crs(test_sf)[[2]] not equal to "+proj=longlat +ellps=GRS80 +towgs84=0,0,0,0,0,0,0 +no_defs".
     1/1 mismatches
     x[1]: "GEOGCS[\"GRS 1980(IUGG, 1980)\",\n DATUM[\"unknown\",\n SPHEROI
     x[1]: D[\"GRS80\",6378137,298.257222101],\n TOWGS84[0,0,0,0,0,0,0]],\n
     x[1]: PRIMEM[\"Greenwich\",0],\n UNIT[\"degree\",0.0174532925199433]]"
     y[1]: "+proj=longlat +ellps=GRS80 +towgs84=0,0,0,0,0,0,0 +no_defs"
    
     ══ testthat results ═══════════════════════════════════════════════════════════
     [ OK: 7 | SKIPPED: 23 | WARNINGS: 0 | FAILED: 1 ]
     1. Failure: read_amazon (@test-read_amazon.R#24)
    
     Error: testthat unit tests failed
     Execution halted
Flavor: r-devel-linux-x86_64-fedora-gcc

Version: 1.2
Check: tests
Result: ERROR
     Running ‘testthat.R’ [3s/13s]
    Running the tests in ‘tests/testthat.R’ failed.
    Complete output:
     > library(testthat)
     > library(geobr)
     Loading required namespace: sf
     > library(sf)
     Linking to GEOS 3.8.0, GDAL 3.0.4, PROJ 6.3.1
     >
     > test_check("geobr")
     ── 1. Error: download_metadata (@test-download_metadata.R#5) ──────────────────
     Timeout was reached: [www.ipea.gov.br] Connection timed out after 10000 milliseconds
     Backtrace:
     1. geobr::download_metadata()
     2. httr::GET(...)
     3. httr:::request_perform(req, hu$handle$handle)
     5. httr:::request_fetch.write_disk(req$output, req$url, handle)
     6. curl::curl_fetch_disk(url, x$path, handle = handle)
    
     ── 2. Error: read_amazon (@test-read_amazon.R#14) ─────────────────────────────
     no lines available in input
     Backtrace:
     1. testthat::expect_message(read_amazon(year = NULL))
     6. geobr::read_amazon(year = NULL)
     7. geobr::download_metadata()
     8. utils::read.csv(tempf, stringsAsFactors = F)
     9. utils::read.table(...)
    
     ══ testthat results ═══════════════════════════════════════════════════════════
     [ OK: 2 | SKIPPED: 23 | WARNINGS: 0 | FAILED: 2 ]
     1. Error: download_metadata (@test-download_metadata.R#5)
     2. Error: read_amazon (@test-read_amazon.R#14)
    
     Error: testthat unit tests failed
     Execution halted
Flavor: r-patched-linux-x86_64

Version: 1.2
Check: re-building of vignette outputs
Result: WARN
    Error(s) in re-building vignettes:
     ...
    --- re-building ‘intro_to_geobr.Rmd’ using rmarkdown
    Loading required namespace: sf
    Linking to GEOS 3.8.0, GDAL 3.0.4, PROJ 6.3.1
    
    Attaching package: 'dplyr'
    
    The following objects are masked from 'package:stats':
    
     filter, lag
    
    The following objects are masked from 'package:base':
    
     intersect, setdiff, setequal, union
    
    Quitting from lines 89-92 (intro_to_geobr.Rmd)
    Error: processing vignette 'intro_to_geobr.Rmd' failed with diagnostics:
    Timeout was reached: [www.ipea.gov.br] Connection timed out after 10001 milliseconds
    --- failed re-building ‘intro_to_geobr.Rmd’
    
    SUMMARY: processing the following file failed:
     ‘intro_to_geobr.Rmd’
    
    Error: Vignette re-building failed.
    Execution halted
Flavor: r-patched-linux-x86_64

Version: 1.2
Check: tests
Result: ERROR
     Running ‘testthat.R’ [5s/26s]
    Running the tests in ‘tests/testthat.R’ failed.
    Complete output:
     > library(testthat)
     > library(geobr)
     Loading required namespace: sf
     > library(sf)
     Linking to GEOS 3.6.3, GDAL 2.2.4, PROJ 5.2.0
     >
     > test_check("geobr")
    
     |
     | | 0%
     |
     |= | 2%
     |
     |==== | 6%
     |
     |===== | 7%
     |
     |====== | 8%
     |
     |======= | 10%
     |
     |======== | 12%
     |
     |=========== | 15%
     |
     |============ | 17%
     |
     |============= | 18%
     |
     |=============== | 22%
     |
     |================ | 23%
     |
     |=================== | 27%
     |
     |==================== | 28%
     |
     |===================== | 30%
     |
     |====================== | 32%
     |
     |======================= | 34%
     |
     |========================= | 35%
     |
     |=========================== | 39%
     |
     |============================== | 43%
     |
     |=============================== | 45%
     |
     |================================= | 47%
     |
     |================================= | 48%
     |
     |==================================== | 51%
     |
     |===================================== | 53%
     |
     |====================================== | 55%
     |
     |======================================= | 55%
     |
     |======================================== | 57%
     |
     |======================================== | 58%
     |
     |========================================= | 58%
     |
     |========================================== | 60%
     |
     |========================================== | 61%
     |
     |============================================ | 62%
     |
     |============================================ | 63%
     |
     |============================================= | 64%
     |
     |=============================================== | 67%
     |
     |=============================================== | 68%
     |
     |================================================= | 71%
     |
     |================================================== | 72%
     |
     |==================================================== | 74%
     |
     |==================================================== | 75%
     |
     |======================================================= | 78%
     |
     |========================================================= | 82%
     |
     |============================================================ | 85%
     |
     |============================================================== | 89%
     |
     |================================================================ | 91%
     |
     |================================================================= | 93%
     |
     |=================================================================== | 96%
     |
     |==================================================================== | 97%
     |
     |======================================================================| 100%
    
     |
     | | 0%
     |
     |== | 3%
     |
     |=== | 4%
     |
     |===== | 8%
     |
     |====== | 9%
     |
     |========= | 12%
     |
     |========= | 13%
     |
     |========== | 14%
     |
     |=========== | 16%
     |
     |============ | 17%
     |
     |============= | 19%
     |
     |============== | 20%
     |
     |=============== | 22%
     |
     |================= | 25%
     |
     |================== | 25%
     |
     |=================== | 27%
     |
     |==================== | 29%
     |
     |====================== | 31%
     |
     |====================== | 32%
     |
     |======================= | 34%
     |
     |======================== | 35%
     |
     |=========================== | 38%
     |
     |============================ | 39%
     |
     |============================= | 41%
     |
     |============================== | 43%
     |
     |================================= | 47%
     |
     |================================== | 48%
     |
     |=================================== | 50%
     |
     |==================================== | 51%
     |
     |======================================= | 55%
     |
     |======================================== | 56%
     |
     |======================================== | 57%
     |
     |========================================= | 59%
     |
     |=========================================== | 62%
     |
     |============================================= | 64%
     |
     |============================================== | 66%
     |
     |=============================================== | 66%
     |
     |================================================ | 68%
     |
     |================================================== | 72%
     |
     |=================================================== | 73%
     |
     |===================================================== | 75%
     |
     |===================================================== | 76%
     |
     |====================================================== | 78%
     |
     |======================================================= | 78%
     |
     |========================================================= | 82%
     |
     |=========================================================== | 84%
     |
     |=========================================================== | 85%
     |
     |============================================================= | 87%
     |
     |============================================================== | 88%
     |
     |=============================================================== | 89%
     |
     |================================================================= | 93%
     |
     |================================================================== | 95%
     |
     |===================================================================== | 98%
     |
     |======================================================================| 100%
     ── 1. Failure: read_amazon (@test-read_amazon.R#24) ───────────────────────────
     sf::st_crs(test_sf)[[2]] not equal to "+proj=longlat +ellps=GRS80 +towgs84=0,0,0,0,0,0,0 +no_defs".
     1/1 mismatches
     x[1]: "GEOGCS[\"GRS 1980(IUGG, 1980)\",\n DATUM[\"unknown\",\n SPHEROI
     x[1]: D[\"GRS80\",6378137,298.257222101],\n TOWGS84[0,0,0,0,0,0,0]],\n
     x[1]: PRIMEM[\"Greenwich\",0],\n UNIT[\"degree\",0.0174532925199433]]"
     y[1]: "+proj=longlat +ellps=GRS80 +towgs84=0,0,0,0,0,0,0 +no_defs"
    
     ══ testthat results ═══════════════════════════════════════════════════════════
     [ OK: 7 | SKIPPED: 23 | WARNINGS: 0 | FAILED: 1 ]
     1. Failure: read_amazon (@test-read_amazon.R#24)
    
     Error: testthat unit tests failed
     Execution halted
Flavor: r-patched-solaris-x86

Version: 1.2
Check: tests
Result: ERROR
     Running ‘testthat.R’ [3s/13s]
    Running the tests in ‘tests/testthat.R’ failed.
    Complete output:
     > library(testthat)
     > library(geobr)
     Loading required namespace: sf
     > library(sf)
     Linking to GEOS 3.8.0, GDAL 3.0.4, PROJ 7.0.0
     >
     > test_check("geobr")
    
     |
     | | 0%
     |
     | | 1%
     |
     |=== | 4%
     |
     |=== | 5%
     |
     |===== | 7%
     |
     |===== | 8%
     |
     |======== | 12%
     |
     |========= | 13%
     |
     |=========== | 15%
     |
     |=========== | 16%
     |
     |============ | 17%
     |
     |============== | 21%
     |
     |=============== | 21%
     |
     |=============== | 22%
     |
     |================= | 25%
     |
     |================== | 25%
     |
     |================== | 26%
     |
     |==================== | 28%
     |
     |==================== | 29%
     |
     |======================= | 33%
     |
     |======================= | 34%
     |
     |======================== | 34%
     |
     |========================= | 36%
     |
     |=========================== | 39%
     |
     |============================ | 39%
     |
     |============================= | 41%
     |
     |=============================== | 44%
     |
     |================================ | 46%
     |
     |================================== | 49%
     |
     |=================================== | 49%
     |
     |=================================== | 50%
     |
     |===================================== | 52%
     |
     |===================================== | 53%
     |
     |======================================= | 56%
     |
     |======================================== | 56%
     |
     |======================================== | 57%
     |
     |========================================== | 60%
     |
     |============================================ | 63%
     |
     |============================================= | 64%
     |
     |=============================================== | 67%
     |
     |=============================================== | 68%
     |
     |================================================ | 68%
     |
     |================================================== | 72%
     |
     |=================================================== | 72%
     |
     |=================================================== | 73%
     |
     |====================================================== | 76%
     |
     |====================================================== | 77%
     |
     |====================================================== | 78%
     |
     |======================================================== | 80%
     |
     |=========================================================== | 84%
     |
     |============================================================ | 85%
     |
     |============================================================ | 86%
     |
     |============================================================= | 87%
     |
     |============================================================== | 88%
     |
     |============================================================== | 89%
     |
     |=============================================================== | 89%
     |
     |=============================================================== | 90%
     |
     |================================================================ | 91%
     |
     |================================================================== | 94%
     |
     |================================================================== | 95%
     |
     |=================================================================== | 95%
     |
     |===================================================================== | 99%
     |
     |======================================================================| 99%
     |
     |======================================================================| 100%
    
     |
     | | 0%
     |
     | | 1%
     |
     |=== | 4%
     |
     |===== | 7%
     |
     |===== | 8%
     |
     |======= | 11%
     |
     |======== | 11%
     |
     |========== | 14%
     |
     |========== | 15%
     |
     |=========== | 15%
     |
     |============ | 18%
     |
     |============= | 18%
     |
     |=============== | 21%
     |
     |================ | 22%
     |
     |================ | 23%
     |
     |================= | 24%
     |
     |=================== | 27%
     |
     |====================== | 31%
     |
     |========================= | 35%
     |
     |=========================== | 39%
     |
     |============================== | 43%
     |
     |================================ | 46%
     |
     |================================= | 47%
     |
     |================================= | 48%
     |
     |================================== | 48%
     |
     |================================== | 49%
     |
     |=================================== | 49%
     |
     |=================================== | 50%
     |
     |=================================== | 51%
     |
     |==================================== | 51%
     |
     |==================================== | 52%
     |
     |======================================= | 56%
     |
     |======================================== | 57%
     |
     |======================================== | 58%
     |
     |========================================= | 58%
     |
     |========================================= | 59%
     |
     |========================================== | 60%
     |
     |========================================== | 61%
     |
     |=========================================== | 61%
     |
     |=========================================== | 62%
     |
     |============================================ | 63%
     |
     |============================================= | 64%
     |
     |============================================= | 65%
     |
     |============================================== | 66%
     |
     |=============================================== | 66%
     |
     |=============================================== | 67%
     |
     |=============================================== | 68%
     |
     |================================================ | 68%
     |
     |================================================ | 69%
     |
     |================================================= | 70%
     |
     |================================================= | 71%
     |
     |================================================== | 71%
     |
     |================================================== | 72%
     |
     |=================================================== | 72%
     |
     |=================================================== | 73%
     |
     |==================================================== | 74%
     |
     |===================================================== | 75%
     |
     |===================================================== | 76%
     |
     |====================================================== | 77%
     |
     |====================================================== | 78%
     |
     |======================================================= | 79%
     |
     |======================================================== | 79%
     |
     |======================================================== | 80%
     |
     |========================================================= | 81%
     |
     |========================================================= | 82%
     |
     |========================================================== | 82%
     |
     |========================================================== | 83%
     |
     |=========================================================== | 84%
     |
     |============================================================ | 86%
     |
     |============================================================= | 88%
     |
     |============================================================== | 89%
     |
     |=============================================================== | 90%
     |
     |================================================================= | 92%
     |
     |================================================================= | 94%
     |
     |=================================================================== | 95%
     |
     |=================================================================== | 96%
     |
     |==================================================================== | 98%
     |
     |===================================================================== | 99%
     |
     |======================================================================| 99%
     |
     |======================================================================| 100%
     ── 1. Failure: read_amazon (@test-read_amazon.R#21) ───────────────────────────
     ncol(test_sf) not equal to 2.
     1/1 mismatches
     [1] 1 - 2 == -1
    
     ── 2. Failure: read_amazon (@test-read_amazon.R#24) ───────────────────────────
     sf::st_crs(test_sf)[[2]] not equal to "+proj=longlat +ellps=GRS80 +towgs84=0,0,0,0,0,0,0 +no_defs".
     1/1 mismatches
     x[1]: "GEOGCRS[\"SIRGAS 2000\",\n DATUM[\"Sistema de Referencia Geocentrico p
     x[1]: ara las AmericaS 2000\",\n ELLIPSOID[\"GRS 1980\",6378137,298.25722
     x[1]: 2101,\n LENGTHUNIT[\"metre\",1]]],\n PRIMEM[\"Greenwich\",0,
     x[1]: \n ANGLEUNIT[\"degree\",0.0174532925199433]],\n CS[ellipsoidal,2
     x[1]: ],\n AXIS[\"geodetic latitude (Lat)\",north,\n ORDER[...
     y[1]: "+proj=longlat +ellps=GRS80 +towgs84=0,0,0,0,0,0,0 +no_defs"
    
     ══ testthat results ═══════════════════════════════════════════════════════════
     [ OK: 6 | SKIPPED: 23 | WARNINGS: 0 | FAILED: 2 ]
     1. Failure: read_amazon (@test-read_amazon.R#21)
     2. Failure: read_amazon (@test-read_amazon.R#24)
    
     Error: testthat unit tests failed
     Execution halted
Flavor: r-release-linux-x86_64

Version: 1.2
Check: re-building of vignette outputs
Result: FAIL
    Check process probably crashed or hung up for 20 minutes ... killed
    Most likely this happened in the example checks (?),
    if not, ignore the following last lines of example output:
    >
    > ### Name: read_weighting_area
    > ### Title: Download shape files of Census Weighting Areas (area de
    > ### ponderacao) of the Brazilian Population Census.
    > ### Aliases: read_weighting_area
    >
    > ### ** Examples
    >
    >
    >
    >
    >
    >
    >
    >
    > ### * <FOOTER>
    > ###
    > cleanEx()
    > options(digits = 7L)
    > base::cat("Time elapsed: ", proc.time() - base::get("ptime", pos = 'CheckExEnv'),"\n")
    Time elapsed: 1.01 0.19 1.54 NA NA
    > grDevices::dev.off()
    null device
     1
    > ###
    > ### Local variables: ***
    > ### mode: outline-minor ***
    > ### outline-regexp: "\\(> \\)?### [*]+" ***
    > ### End: ***
    > quit('no')
    ======== End of example output (where/before crash/hang up occured ?) ========
Flavor: r-oldrel-windows-ix86+x86_64