CRAN Package Check Results for Package geofacet

Last updated on 2020-03-27 00:49:22 CET.

Flavor Version Tinstall Tcheck Ttotal Status Flags
r-devel-linux-x86_64-debian-clang 0.1.10 7.95 91.64 99.59 OK
r-devel-linux-x86_64-debian-gcc 0.1.10 6.18 69.29 75.47 OK
r-devel-linux-x86_64-fedora-clang 0.1.10 123.76 NOTE
r-devel-linux-x86_64-fedora-gcc 0.1.10 116.20 NOTE
r-devel-windows-ix86+x86_64 0.1.10 23.00 90.00 113.00 OK
r-devel-windows-ix86+x86_64-gcc8 0.1.10 22.00 117.00 139.00 OK
r-patched-linux-x86_64 0.1.10 6.16 81.73 87.89 OK
r-patched-solaris-x86 0.1.10 198.40 NOTE
r-release-linux-x86_64 0.1.10 7.00 80.95 87.95 OK
r-release-windows-ix86+x86_64 0.1.10 29.00 154.00 183.00 OK
r-release-osx-x86_64 0.1.10 NOTE
r-oldrel-windows-ix86+x86_64 0.1.10 23.00 135.00 158.00 OK
r-oldrel-osx-x86_64 0.1.10 NOTE

Check Details

Version: 0.1.10
Check: data for non-ASCII characters
Result: NOTE
     Note: found 217 marked UTF-8 strings
Flavors: r-devel-linux-x86_64-fedora-clang, r-devel-linux-x86_64-fedora-gcc, r-patched-solaris-x86, r-release-osx-x86_64, r-oldrel-osx-x86_64