Last updated on 2020-03-27 00:49:22 CET.
Flavor | Version | Tinstall | Tcheck | Ttotal | Status | Flags |
---|---|---|---|---|---|---|
r-devel-linux-x86_64-debian-clang | 0.4.5 | 40.39 | 52.50 | 92.89 | OK | |
r-devel-linux-x86_64-debian-gcc | 0.4.5 | 25.34 | 41.02 | 66.36 | OK | |
r-devel-linux-x86_64-fedora-clang | 0.4.5 | 121.44 | OK | |||
r-devel-linux-x86_64-fedora-gcc | 0.4.5 | 107.68 | OK | |||
r-devel-windows-ix86+x86_64 | 0.4.5 | 85.00 | 117.00 | 202.00 | OK | |
r-devel-windows-ix86+x86_64-gcc8 | 0.4.5 | 96.00 | 128.00 | 224.00 | OK | |
r-patched-linux-x86_64 | 0.4.5 | 29.32 | 48.02 | 77.34 | OK | |
r-patched-solaris-x86 | 0.4.5 | 129.80 | OK | |||
r-release-linux-x86_64 | 0.4.5 | 30.89 | 47.39 | 78.28 | OK | |
r-release-windows-ix86+x86_64 | 0.4.5 | 123.00 | 152.00 | 275.00 | OK | |
r-release-osx-x86_64 | 0.4.5 | NOTE | ||||
r-oldrel-windows-ix86+x86_64 | 0.4.5 | 110.00 | 146.00 | 256.00 | OK | |
r-oldrel-osx-x86_64 | 0.4.5 | NOTE |
Version: 0.4.5
Check: dependencies in R code
Result: NOTE
No protocol specified
Flavors: r-release-osx-x86_64, r-oldrel-osx-x86_64