CRAN Package Check Results for Package ggenealogy

Last updated on 2020-03-27 00:49:23 CET.

Flavor Version Tinstall Tcheck Ttotal Status Flags
r-devel-linux-x86_64-debian-clang 1.0.1 3.56 174.97 178.53 OK
r-devel-linux-x86_64-debian-gcc 1.0.1 3.38 137.42 140.80 OK
r-devel-linux-x86_64-fedora-clang 1.0.1 219.14 NOTE
r-devel-linux-x86_64-fedora-gcc 1.0.1 208.14 NOTE
r-devel-windows-ix86+x86_64 1.0.1 12.00 164.00 176.00 OK
r-devel-windows-ix86+x86_64-gcc8 1.0.1 11.00 207.00 218.00 OK
r-patched-linux-x86_64 1.0.1 3.32 166.35 169.67 OK
r-patched-solaris-x86 1.0.1 266.00 NOTE
r-release-linux-x86_64 1.0.1 3.29 171.28 174.57 OK
r-release-windows-ix86+x86_64 1.0.1 14.00 251.00 265.00 OK
r-release-osx-x86_64 1.0.1 NOTE
r-oldrel-windows-ix86+x86_64 0.3.0 8.00 199.00 207.00 OK
r-oldrel-osx-x86_64 1.0.1 ERROR

Check Details

Version: 1.0.1
Check: dependencies in R code
Result: NOTE
    Namespace in Imports field not imported from: ‘tibble’
     All declared Imports should be used.
Flavors: r-devel-linux-x86_64-fedora-clang, r-devel-linux-x86_64-fedora-gcc, r-patched-solaris-x86, r-release-osx-x86_64

Version: 1.0.1
Check: data for non-ASCII characters
Result: NOTE
     Note: found 2356 marked UTF-8 strings
Flavors: r-devel-linux-x86_64-fedora-clang, r-devel-linux-x86_64-fedora-gcc, r-patched-solaris-x86, r-release-osx-x86_64

Version: 1.0.1
Check: whether package can be installed
Result: ERROR
    Installation failed.
Flavor: r-oldrel-osx-x86_64