CRAN Package Check Results for Package gghighlight

Last updated on 2020-03-27 00:49:23 CET.

Flavor Version Tinstall Tcheck Ttotal Status Flags
r-devel-linux-x86_64-debian-clang 0.2.0 5.16 72.73 77.89 OK
r-devel-linux-x86_64-debian-gcc 0.2.0 4.33 54.94 59.27 OK
r-devel-linux-x86_64-fedora-clang 0.2.0 98.09 NOTE
r-devel-linux-x86_64-fedora-gcc 0.2.0 93.89 NOTE
r-devel-windows-ix86+x86_64 0.2.0 16.00 82.00 98.00 OK
r-devel-windows-ix86+x86_64-gcc8 0.2.0 14.00 97.00 111.00 OK
r-patched-linux-x86_64 0.2.0 4.18 64.83 69.01 OK
r-patched-solaris-x86 0.2.0 133.00 NOTE
r-release-linux-x86_64 0.2.0 3.90 67.00 70.90 OK
r-release-windows-ix86+x86_64 0.2.0 23.00 126.00 149.00 OK
r-release-osx-x86_64 0.2.0 NOTE
r-oldrel-windows-ix86+x86_64 0.2.0 14.00 117.00 131.00 OK
r-oldrel-osx-x86_64 0.2.0 NOTE

Check Details

Version: 0.2.0
Check: dependencies in R code
Result: NOTE
    Namespace in Imports field not imported from: ‘scales’
     All declared Imports should be used.
Flavors: r-devel-linux-x86_64-fedora-clang, r-devel-linux-x86_64-fedora-gcc, r-patched-solaris-x86, r-release-osx-x86_64, r-oldrel-osx-x86_64