CRAN Package Check Results for Package ggmix

Last updated on 2020-03-27 00:49:23 CET.

Flavor Version Tinstall Tcheck Ttotal Status Flags
r-devel-linux-x86_64-debian-clang 0.0.1 4.29 150.63 154.92 OK
r-devel-linux-x86_64-debian-gcc 0.0.1 3.39 111.89 115.28 OK
r-devel-linux-x86_64-fedora-clang 0.0.1 185.80 OK
r-devel-linux-x86_64-fedora-gcc 0.0.1 173.25 OK
r-patched-linux-x86_64 0.0.1 3.70 128.45 132.15 OK
r-patched-solaris-x86 0.0.1 242.70 OK
r-release-linux-x86_64 0.0.1 3.37 129.11 132.48 OK
r-release-windows-ix86+x86_64 0.0.1 11.00 186.00 197.00 OK
r-release-osx-x86_64 0.0.1 OK
r-oldrel-windows-ix86+x86_64 0.0.1 9.00 198.00 207.00 ERROR
r-oldrel-osx-x86_64 0.0.1 ERROR

Check Details

Version: 0.0.1
Check: tests
Result: ERROR
     Running 'testthat.R' [61s]
    Running the tests in 'tests/testthat.R' failed.
    Complete output:
     > library(testthat)
     > library(ggmix)
     >
     > test_check("ggmix")
     -- 1. Failure: Check predict and coef methods with multiple s values (@test-KKT.
     all(abs(kkt)[-1] < 0.02) isn't true.
    
     == testthat results ===========================================================
     [ OK: 34 | SKIPPED: 0 | WARNINGS: 0 | FAILED: 1 ]
     1. Failure: Check predict and coef methods with multiple s values (@test-KKT.R#32)
    
     Error: testthat unit tests failed
     Execution halted
Flavor: r-oldrel-windows-ix86+x86_64

Version: 0.0.1
Check: tests
Result: ERROR
     Running ‘testthat.R’ [39s/39s]
    Running the tests in ‘tests/testthat.R’ failed.
    Complete output:
     > library(testthat)
     > library(ggmix)
     >
     > test_check("ggmix")
     ── 1. Failure: Check predict and coef methods with multiple s values (@test-KKT.
     all(abs(kkt)[-1] < 0.02) isn't true.
    
     ══ testthat results ═══════════════════════════════════════════════════════════
     [ OK: 34 | SKIPPED: 0 | WARNINGS: 5 | FAILED: 1 ]
     1. Failure: Check predict and coef methods with multiple s values (@test-KKT.R#32)
    
     Error: testthat unit tests failed
     Execution halted
Flavor: r-oldrel-osx-x86_64