CRAN Package Check Results for Package ggraph

Last updated on 2020-03-27 00:49:23 CET.

Flavor Version Tinstall Tcheck Ttotal Status Flags
r-devel-linux-x86_64-debian-clang 2.0.2 89.28 213.85 303.13 OK
r-devel-linux-x86_64-debian-gcc 2.0.2 56.31 157.15 213.46 OK
r-devel-linux-x86_64-fedora-clang 2.0.2 383.04 NOTE
r-devel-linux-x86_64-fedora-gcc 2.0.2 345.86 OK
r-devel-windows-ix86+x86_64 2.0.2 134.00 310.00 444.00 NOTE
r-devel-windows-ix86+x86_64-gcc8 2.0.1 173.00 372.00 545.00 NOTE
r-patched-linux-x86_64 2.0.2 66.69 202.15 268.84 OK
r-patched-solaris-x86 2.0.2 439.70 NOTE
r-release-linux-x86_64 2.0.2 67.65 200.15 267.80 OK
r-release-windows-ix86+x86_64 2.0.2 65.00 7.00 72.00 ERROR
r-release-osx-x86_64 2.0.2 NOTE
r-oldrel-windows-ix86+x86_64 2.0.2 89.00 8.00 97.00 ERROR
r-oldrel-osx-x86_64 2.0.2 NOTE

Check Details

Version: 2.0.2
Check: installed package size
Result: NOTE
     installed size is 8.1Mb
     sub-directories of 1Mb or more:
     doc 3.6Mb
     libs 3.1Mb
Flavors: r-devel-linux-x86_64-fedora-clang, r-devel-windows-ix86+x86_64, r-patched-solaris-x86, r-release-osx-x86_64, r-oldrel-osx-x86_64

Version: 2.0.1
Check: installed package size
Result: NOTE
     installed size is 7.1Mb
     sub-directories of 1Mb or more:
     doc 3.6Mb
     libs 2.3Mb
Flavor: r-devel-windows-ix86+x86_64-gcc8

Version: 2.0.2
Check: whether package can be installed
Result: ERROR
    Installation failed.
Flavors: r-release-windows-ix86+x86_64, r-oldrel-windows-ix86+x86_64