CRAN Package Check Results for Package ggthemes

Last updated on 2020-03-27 00:49:23 CET.

Flavor Version Tinstall Tcheck Ttotal Status Flags
r-devel-linux-x86_64-debian-clang 4.2.0 8.35 92.78 101.13 OK
r-devel-linux-x86_64-debian-gcc 4.2.0 7.08 68.71 75.79 OK
r-devel-linux-x86_64-fedora-clang 4.2.0 118.85 NOTE
r-devel-linux-x86_64-fedora-gcc 4.2.0 112.19 NOTE
r-devel-windows-ix86+x86_64 4.2.0 20.00 103.00 123.00 OK
r-devel-windows-ix86+x86_64-gcc8 4.2.0 15.00 118.00 133.00 OK
r-patched-linux-x86_64 4.2.0 8.03 88.46 96.49 OK
r-patched-solaris-x86 4.2.0 160.60 NOTE
r-release-linux-x86_64 4.2.0 7.16 88.07 95.23 OK
r-release-windows-ix86+x86_64 4.2.0 29.00 164.00 193.00 OK
r-release-osx-x86_64 4.2.0 NOTE
r-oldrel-windows-ix86+x86_64 4.2.0 24.00 158.00 182.00 OK
r-oldrel-osx-x86_64 4.2.0 NOTE

Check Details

Version: 4.2.0
Check: data for non-ASCII characters
Result: NOTE
     Note: found 138 marked UTF-8 strings
Flavors: r-devel-linux-x86_64-fedora-clang, r-devel-linux-x86_64-fedora-gcc, r-patched-solaris-x86, r-release-osx-x86_64, r-oldrel-osx-x86_64