CRAN Package Check Results for Package githubinstall

Last updated on 2020-03-27 00:49:23 CET.

Flavor Version Tinstall Tcheck Ttotal Status Flags
r-devel-linux-x86_64-debian-clang 0.2.2 8.36 71.59 79.95 OK
r-devel-linux-x86_64-debian-gcc 0.2.2 7.00 51.13 58.13 OK
r-devel-linux-x86_64-fedora-clang 0.2.2 93.34 NOTE
r-devel-linux-x86_64-fedora-gcc 0.2.2 87.14 NOTE
r-devel-windows-ix86+x86_64 0.2.2 23.00 81.00 104.00 OK
r-devel-windows-ix86+x86_64-gcc8 0.2.2 23.00 89.00 112.00 OK
r-patched-linux-x86_64 0.2.2 5.55 60.12 65.67 OK
r-patched-solaris-x86 0.2.2 130.50 NOTE
r-release-linux-x86_64 0.2.2 6.40 61.55 67.95 OK
r-release-windows-ix86+x86_64 0.2.2 28.00 125.00 153.00 OK
r-release-osx-x86_64 0.2.2 NOTE
r-oldrel-windows-ix86+x86_64 0.2.2 22.00 116.00 138.00 OK
r-oldrel-osx-x86_64 0.2.2 NOTE

Check Details

Version: 0.2.2
Check: dependencies in R code
Result: NOTE
    Namespace in Imports field not imported from: ‘mockery’
     All declared Imports should be used.
Flavors: r-devel-linux-x86_64-fedora-clang, r-devel-linux-x86_64-fedora-gcc, r-patched-solaris-x86, r-release-osx-x86_64, r-oldrel-osx-x86_64