CRAN Package Check Results for Package gkmSVM

Last updated on 2020-03-27 00:49:23 CET.

Flavor Version Tinstall Tcheck Ttotal Status Flags
r-devel-linux-x86_64-debian-clang 0.80.0 58.99 42.12 101.11 OK
r-devel-linux-x86_64-debian-gcc 0.80.0 36.70 32.62 69.32 OK
r-devel-linux-x86_64-fedora-clang 0.80.0 153.16 OK
r-devel-linux-x86_64-fedora-gcc 0.80.0 124.04 OK
r-devel-windows-ix86+x86_64 0.80.0 99.00 58.00 157.00 OK
r-devel-windows-ix86+x86_64-gcc8 0.80.0 124.00 79.00 203.00 OK
r-patched-linux-x86_64 0.80.0 46.35 36.62 82.97 OK
r-patched-solaris-x86 0.80.0 131.50 OK
r-release-linux-x86_64 0.80.0 45.69 37.03 82.72 OK
r-release-windows-ix86+x86_64 0.80.0 152.00 76.00 228.00 OK
r-release-osx-x86_64 0.80.0 NOTE
r-oldrel-windows-ix86+x86_64 0.80.0 144.00 92.00 236.00 OK
r-oldrel-osx-x86_64 0.80.0 NOTE

Check Details

Version: 0.80.0
Check: package dependencies
Result: NOTE
    Packages suggested but not available for checking:
     'BSgenome.Hsapiens.UCSC.hg18.masked',
     'BSgenome.Hsapiens.UCSC.hg19.masked'
Flavor: r-release-osx-x86_64

Version: 0.80.0
Check: package dependencies
Result: NOTE
    Packages suggested but not available for checking:
     ‘rtracklayer’ ‘BSgenome’ ‘BSgenome.Hsapiens.UCSC.hg18.masked’
     ‘BSgenome.Hsapiens.UCSC.hg19.masked’
Flavor: r-oldrel-osx-x86_64