Last updated on 2020-03-27 00:49:23 CET.
Flavor | Version | Tinstall | Tcheck | Ttotal | Status | Flags |
---|---|---|---|---|---|---|
r-devel-linux-x86_64-debian-clang | 1.0.1 | 178.03 | 455.59 | 633.62 | OK | |
r-devel-linux-x86_64-debian-gcc | 1.0.1 | 158.52 | 357.73 | 516.25 | OK | |
r-devel-linux-x86_64-fedora-clang | 1.0.1 | 805.19 | NOTE | |||
r-devel-linux-x86_64-fedora-gcc | 1.0.1 | 816.38 | OK | |||
r-devel-windows-ix86+x86_64 | 1.0.1 | 238.00 | 378.00 | 616.00 | NOTE | --no-vignettes |
r-devel-windows-ix86+x86_64-gcc8 | 1.0.0 | 238.00 | 519.00 | 757.00 | NOTE | --no-vignettes |
r-patched-linux-x86_64 | 1.0.1 | 154.54 | 443.26 | 597.80 | OK | |
r-patched-solaris-x86 | 1.0.1 | 1057.80 | NOTE | |||
r-release-linux-x86_64 | 1.0.1 | 149.31 | 448.14 | 597.45 | OK | |
r-release-windows-ix86+x86_64 | 1.0.1 | 325.00 | 522.00 | 847.00 | NOTE | --no-vignettes |
r-release-osx-x86_64 | 1.0.1 | NOTE | ||||
r-oldrel-windows-ix86+x86_64 | 1.0.1 | 304.00 | 603.00 | 907.00 | NOTE | --no-vignettes |
r-oldrel-osx-x86_64 | 1.0.1 | NOTE |
Version: 1.0.1
Check: installed package size
Result: NOTE
installed size is 49.2Mb
sub-directories of 1Mb or more:
doc 1.2Mb
libs 45.6Mb
test_data 1.2Mb
Flavors: r-devel-linux-x86_64-fedora-clang, r-patched-solaris-x86, r-release-osx-x86_64, r-oldrel-osx-x86_64
Version: 1.0.1
Flags: --no-vignettes
Check: installed package size
Result: NOTE
installed size is 24.8Mb
sub-directories of 1Mb or more:
doc 1.2Mb
libs 21.2Mb
test_data 1.2Mb
Flavors: r-devel-windows-ix86+x86_64, r-release-windows-ix86+x86_64, r-oldrel-windows-ix86+x86_64
Version: 1.0.0
Flags: --no-vignettes
Check: installed package size
Result: NOTE
installed size is 25.2Mb
sub-directories of 1Mb or more:
doc 1.1Mb
libs 21.7Mb
test_data 1.2Mb
Flavor: r-devel-windows-ix86+x86_64-gcc8