CRAN Package Check Results for Package gluvarpro

Last updated on 2020-03-27 00:49:23 CET.

Flavor Version Tinstall Tcheck Ttotal Status Flags
r-devel-linux-x86_64-debian-clang 4.0 9.33 71.32 80.65 OK
r-devel-linux-x86_64-debian-gcc 4.0 8.32 54.13 62.45 OK
r-devel-linux-x86_64-fedora-clang 4.0 102.21 OK
r-devel-linux-x86_64-fedora-gcc 4.0 92.30 OK
r-devel-windows-ix86+x86_64 3.0 24.00 78.00 102.00 OK
r-devel-windows-ix86+x86_64-gcc8 2.0 17.00 74.00 91.00 OK
r-patched-linux-x86_64 4.0 8.55 64.45 73.00 OK
r-patched-solaris-x86 4.0 130.10 OK
r-release-linux-x86_64 4.0 7.85 63.94 71.79 OK
r-release-windows-ix86+x86_64 4.0 30.00 118.00 148.00 OK
r-release-osx-x86_64 4.0 ERROR
r-oldrel-windows-ix86+x86_64 4.0 22.00 113.00 135.00 OK
r-oldrel-osx-x86_64 4.0 ERROR

Check Details

Version: 4.0
Check: examples
Result: ERROR
    Running examples in ‘gluvarpro-Ex.R’ failed
    The error most likely occurred in:
    
    > ### Name: preprocessgvp
    > ### Title: preprocessing raw data from continuous glucose monitoring
    > ### Aliases: preprocessgvp
    >
    > ### ** Examples
    >
    > data("datagvp4")
    > preprocessgvp(datagvp4)
    Error in preprocessgvp(datagvp4) :
     Variable date and time must have yyyy/mm/dd and hh:mm:ss format.
    Execution halted
Flavors: r-release-osx-x86_64, r-oldrel-osx-x86_64