CRAN Package Check Results for Package googlesheets

Last updated on 2020-03-27 00:49:23 CET.

Flavor Version Tinstall Tcheck Ttotal Status Flags
r-devel-linux-x86_64-debian-clang 0.3.0 7.14 54.09 61.23 OK
r-devel-linux-x86_64-debian-gcc 0.3.0 5.46 41.78 47.24 OK
r-devel-linux-x86_64-fedora-clang 0.3.0 73.97 NOTE
r-devel-linux-x86_64-fedora-gcc 0.3.0 68.28 NOTE
r-devel-windows-ix86+x86_64 0.3.0 16.00 73.00 89.00 OK
r-devel-windows-ix86+x86_64-gcc8 0.3.0 19.00 74.00 93.00 OK
r-patched-linux-x86_64 0.3.0 6.30 47.92 54.22 OK
r-patched-solaris-x86 0.3.0 99.30 NOTE
r-release-linux-x86_64 0.3.0 5.87 48.19 54.06 OK
r-release-windows-ix86+x86_64 0.3.0 32.00 110.00 142.00 OK
r-release-osx-x86_64 0.3.0 NOTE
r-oldrel-windows-ix86+x86_64 0.3.0 16.00 99.00 115.00 OK
r-oldrel-osx-x86_64 0.3.0 NOTE

Check Details

Version: 0.3.0
Check: dependencies in R code
Result: NOTE
    Namespace in Imports field not imported from: ‘tibble’
     All declared Imports should be used.
Flavors: r-devel-linux-x86_64-fedora-clang, r-devel-linux-x86_64-fedora-gcc, r-patched-solaris-x86, r-release-osx-x86_64, r-oldrel-osx-x86_64