CRAN Package Check Results for Package greybox

Last updated on 2020-03-27 00:49:23 CET.

Flavor Version Tinstall Tcheck Ttotal Status Flags
r-devel-linux-x86_64-debian-clang 0.5.8 30.59 139.33 169.92 OK
r-devel-linux-x86_64-debian-gcc 0.5.8 23.81 103.13 126.94 OK
r-devel-linux-x86_64-fedora-clang 0.5.8 213.18 OK
r-devel-linux-x86_64-fedora-gcc 0.5.8 193.25 OK
r-devel-windows-ix86+x86_64 0.5.8 52.00 185.00 237.00 NOTE
r-devel-windows-ix86+x86_64-gcc8 0.5.8 64.00 206.00 270.00 NOTE
r-patched-linux-x86_64 0.5.8 23.27 123.52 146.79 OK
r-patched-solaris-x86 0.5.8 250.10 OK
r-release-linux-x86_64 0.5.8 23.34 121.51 144.85 OK
r-release-windows-ix86+x86_64 0.5.8 85.00 246.00 331.00 NOTE
r-release-osx-x86_64 0.5.8 OK
r-oldrel-windows-ix86+x86_64 0.5.8 65.00 219.00 284.00 NOTE
r-oldrel-osx-x86_64 0.5.8 OK

Check Details

Version: 0.5.8
Check: package dependencies
Result: NOTE
    Package suggested but not available for checking: 'doMC'
Flavors: r-devel-windows-ix86+x86_64, r-devel-windows-ix86+x86_64-gcc8, r-release-windows-ix86+x86_64, r-oldrel-windows-ix86+x86_64