Last updated on 2020-03-27 00:49:23 CET.
Flavor | Version | Tinstall | Tcheck | Ttotal | Status | Flags |
---|---|---|---|---|---|---|
r-devel-linux-x86_64-debian-clang | 1.1.0 | 14.35 | 107.82 | 122.17 | NOTE | |
r-devel-linux-x86_64-debian-gcc | 1.1.0 | 10.22 | 81.40 | 91.62 | NOTE | |
r-devel-linux-x86_64-fedora-clang | 1.1.0 | 149.46 | NOTE | |||
r-devel-linux-x86_64-fedora-gcc | 1.1.0 | 132.17 | NOTE | |||
r-devel-windows-ix86+x86_64 | 1.1.0 | 37.00 | 104.00 | 141.00 | NOTE | |
r-devel-windows-ix86+x86_64-gcc8 | 1.1.0 | 30.00 | 126.00 | 156.00 | NOTE | |
r-patched-linux-x86_64 | 1.1.0 | 9.90 | 87.60 | 97.50 | NOTE | |
r-patched-solaris-x86 | 1.1.0 | 234.80 | NOTE | |||
r-release-linux-x86_64 | 1.1.0 | 9.04 | 87.41 | 96.45 | NOTE | |
r-release-windows-ix86+x86_64 | 1.1.0 | 43.00 | 153.00 | 196.00 | NOTE | |
r-release-osx-x86_64 | 1.1.0 | NOTE | ||||
r-oldrel-windows-ix86+x86_64 | 1.1.0 | 24.00 | 149.00 | 173.00 | NOTE | |
r-oldrel-osx-x86_64 | 1.1.0 | NOTE |
Version: 1.1.0
Check: R code for possible problems
Result: NOTE
binding: no visible global function definition for 'rnorm'
binding: no visible binding for global variable 'var'
binding: no visible global function definition for 'uniroot'
equivonly: no visible global function definition for 'rnorm'
equivonly: no visible binding for global variable 'var'
equivonly: no visible global function definition for 'uniroot'
figureE: no visible global function definition for 'rgb'
figureEF: no visible global function definition for 'rgb'
nfix : f: no visible global function definition for 'pnorm'
nfix : f: no visible global function definition for 'qnorm'
nfix: no visible global function definition for 'uniroot'
nonbinding: no visible global function definition for 'rnorm'
nonbinding: no visible binding for global variable 'var'
nonbinding: no visible global function definition for 'uniroot'
oc: no visible global function definition for 'rnorm'
oc: no visible global function definition for 'var'
Undefined global functions or variables:
pnorm qnorm rgb rnorm uniroot var
Consider adding
importFrom("grDevices", "rgb")
importFrom("stats", "pnorm", "qnorm", "rnorm", "uniroot", "var")
to your NAMESPACE file.
Flavors: r-devel-linux-x86_64-debian-clang, r-devel-linux-x86_64-debian-gcc, r-devel-linux-x86_64-fedora-clang, r-devel-linux-x86_64-fedora-gcc, r-devel-windows-ix86+x86_64, r-devel-windows-ix86+x86_64-gcc8, r-patched-linux-x86_64, r-patched-solaris-x86, r-release-linux-x86_64, r-release-windows-ix86+x86_64, r-release-osx-x86_64, r-oldrel-windows-ix86+x86_64, r-oldrel-osx-x86_64