Last updated on 2020-03-27 00:49:24 CET.
Flavor | Version | Tinstall | Tcheck | Ttotal | Status | Flags |
---|---|---|---|---|---|---|
r-devel-linux-x86_64-debian-clang | 3.28.0.4 | 22.43 | 106.81 | 129.24 | OK | |
r-devel-linux-x86_64-debian-gcc | 3.28.0.4 | 19.86 | 81.28 | 101.14 | OK | |
r-devel-linux-x86_64-fedora-clang | 3.28.0.4 | 159.12 | NOTE | |||
r-devel-linux-x86_64-fedora-gcc | 3.28.0.4 | 150.85 | OK | |||
r-devel-windows-ix86+x86_64 | 3.28.0.4 | 169.00 | 129.00 | 298.00 | NOTE | |
r-devel-windows-ix86+x86_64-gcc8 | 3.28.0.4 | 152.00 | 127.00 | 279.00 | NOTE | |
r-patched-linux-x86_64 | 3.28.0.4 | 18.07 | 93.32 | 111.39 | OK | |
r-patched-solaris-x86 | 3.28.0.4 | 198.10 | NOTE | |||
r-release-linux-x86_64 | 3.28.0.4 | 20.25 | 93.88 | 114.13 | OK | |
r-release-windows-ix86+x86_64 | 3.28.0.4 | 170.00 | 159.00 | 329.00 | NOTE | |
r-release-osx-x86_64 | 3.28.0.4 | NOTE | ||||
r-oldrel-windows-ix86+x86_64 | 3.28.0.4 | 168.00 | 147.00 | 315.00 | NOTE | |
r-oldrel-osx-x86_64 | 3.28.0.4 | NOTE |
Version: 3.28.0.4
Check: installed package size
Result: NOTE
installed size is 130.6Mb
sub-directories of 1Mb or more:
java 128.5Mb
Flavors: r-devel-linux-x86_64-fedora-clang, r-devel-windows-ix86+x86_64, r-devel-windows-ix86+x86_64-gcc8, r-patched-solaris-x86, r-release-windows-ix86+x86_64, r-release-osx-x86_64, r-oldrel-windows-ix86+x86_64, r-oldrel-osx-x86_64