Last updated on 2020-03-27 00:49:24 CET.
Flavor | Version | Tinstall | Tcheck | Ttotal | Status | Flags |
---|---|---|---|---|---|---|
r-devel-linux-x86_64-debian-clang | 2.4.0 | 19.76 | 250.00 | 269.76 | OK | |
r-devel-linux-x86_64-debian-gcc | 2.4.0 | 15.96 | 223.53 | 239.49 | OK | |
r-devel-linux-x86_64-fedora-clang | 2.4.0 | 291.03 | OK | |||
r-devel-linux-x86_64-fedora-gcc | 2.4.0 | 286.32 | OK | |||
r-devel-windows-ix86+x86_64 | 2.4.0 | 40.00 | 211.00 | 251.00 | OK | |
r-devel-windows-ix86+x86_64-gcc8 | 2.4.0 | 39.00 | 241.00 | 280.00 | OK | |
r-patched-linux-x86_64 | 2.4.0 | 15.05 | 216.75 | 231.80 | OK | |
r-patched-solaris-x86 | 2.4.0 | 475.00 | OK | |||
r-release-linux-x86_64 | 2.4.0 | 15.93 | 221.57 | 237.50 | OK | |
r-release-windows-ix86+x86_64 | 2.4.0 | 56.00 | 335.00 | 391.00 | OK | |
r-release-osx-x86_64 | 2.4.0 | OK | ||||
r-oldrel-windows-ix86+x86_64 | 2.3.0 | 25.00 | 221.00 | 246.00 | OK | |
r-oldrel-osx-x86_64 | 2.4.0 | ERROR |
Version: 2.4.0
Check: whether package can be installed
Result: ERROR
Installation failed.
Flavor: r-oldrel-osx-x86_64