CRAN Package Check Results for Package hereR

Last updated on 2020-03-27 00:49:24 CET.

Flavor Version Tinstall Tcheck Ttotal Status Flags
r-devel-linux-x86_64-debian-clang 0.3.1 7.26 100.65 107.91 OK
r-devel-linux-x86_64-debian-gcc 0.3.1 5.36 73.27 78.63 WARN
r-devel-linux-x86_64-fedora-clang 0.3.1 111.09 WARN
r-devel-linux-x86_64-fedora-gcc 0.3.1 122.10 WARN
r-devel-windows-ix86+x86_64 0.3.1 16.00 98.00 114.00 OK
r-devel-windows-ix86+x86_64-gcc8 0.3.1 13.00 110.00 123.00 OK
r-patched-linux-x86_64 0.3.1 5.14 83.91 89.05 WARN
r-patched-solaris-x86 0.3.1 162.00 WARN
r-release-linux-x86_64 0.3.1 5.75 86.36 92.11 WARN
r-release-windows-ix86+x86_64 0.3.1 21.00 164.00 185.00 OK
r-release-osx-x86_64 0.3.1 WARN
r-oldrel-windows-ix86+x86_64 0.3.1 13.00 126.00 139.00 OK
r-oldrel-osx-x86_64 0.3.1 WARN

Check Details

Version: 0.3.1
Check: re-building of vignette outputs
Result: WARN
    Error(s) in re-building vignettes:
     ...
    --- re-building ‘authentication.Rmd’ using rmarkdown
    --- finished re-building ‘authentication.Rmd’
    
    --- re-building ‘geocoder.Rmd’ using rmarkdown
    Quitting from lines 99-110 (geocoder.Rmd)
    Error: processing vignette 'geocoder.Rmd' failed with diagnostics:
    argument is of length zero
    --- failed re-building ‘geocoder.Rmd’
    
    --- re-building ‘routing.Rmd’ using rmarkdown
    --- finished re-building ‘routing.Rmd’
    
    --- re-building ‘traffic.Rmd’ using rmarkdown
    --- finished re-building ‘traffic.Rmd’
    
    --- re-building ‘transit.Rmd’ using rmarkdown
    Quitting from lines 93-109 (transit.Rmd)
    Error: processing vignette 'transit.Rmd' failed with diagnostics:
    argument is of length zero
    --- failed re-building ‘transit.Rmd’
    
    --- re-building ‘weather.Rmd’ using rmarkdown
    Quitting from lines 54-70 (weather.Rmd)
    Error: processing vignette 'weather.Rmd' failed with diagnostics:
    argument is of length zero
    --- failed re-building ‘weather.Rmd’
    
    SUMMARY: processing the following files failed:
     ‘geocoder.Rmd’ ‘transit.Rmd’ ‘weather.Rmd’
    
    Error: Vignette re-building failed.
    Execution halted
Flavors: r-devel-linux-x86_64-debian-gcc, r-patched-linux-x86_64, r-release-linux-x86_64

Version: 0.3.1
Check: data for non-ASCII characters
Result: NOTE
     Note: found 1 marked UTF-8 string
Flavors: r-devel-linux-x86_64-fedora-clang, r-devel-linux-x86_64-fedora-gcc, r-patched-solaris-x86, r-release-osx-x86_64, r-oldrel-osx-x86_64

Version: 0.3.1
Check: re-building of vignette outputs
Result: WARN
    Error(s) in re-building vignettes:
    --- re-building ‘authentication.Rmd’ using rmarkdown
    --- finished re-building ‘authentication.Rmd’
    
    --- re-building ‘geocoder.Rmd’ using rmarkdown
    Quitting from lines 99-110 (geocoder.Rmd)
    Error: processing vignette 'geocoder.Rmd' failed with diagnostics:
    argument is of length zero
    --- failed re-building ‘geocoder.Rmd’
    
    --- re-building ‘routing.Rmd’ using rmarkdown
    --- finished re-building ‘routing.Rmd’
    
    --- re-building ‘traffic.Rmd’ using rmarkdown
    --- finished re-building ‘traffic.Rmd’
    
    --- re-building ‘transit.Rmd’ using rmarkdown
    Quitting from lines 93-109 (transit.Rmd)
    Error: processing vignette 'transit.Rmd' failed with diagnostics:
    argument is of length zero
    --- failed re-building ‘transit.Rmd’
    
    --- re-building ‘weather.Rmd’ using rmarkdown
    Quitting from lines 54-70 (weather.Rmd)
    Error: processing vignette 'weather.Rmd' failed with diagnostics:
    argument is of length zero
    --- failed re-building ‘weather.Rmd’
    
    SUMMARY: processing the following files failed:
     ‘geocoder.Rmd’ ‘transit.Rmd’ ‘weather.Rmd’
    
    Error: Vignette re-building failed.
    Execution halted
Flavors: r-devel-linux-x86_64-fedora-clang, r-devel-linux-x86_64-fedora-gcc

Version: 0.3.1
Check: installed package size
Result: NOTE
     installed size is 5.1Mb
     sub-directories of 1Mb or more:
     doc 3.9Mb
Flavor: r-patched-solaris-x86

Version: 0.3.1
Check: re-building of vignette outputs
Result: WARN
    Error(s) in re-building vignettes:
     ...
    --- re-building ‘authentication.Rmd’ using rmarkdown
    Warning in engine$weave(file, quiet = quiet, encoding = enc) :
     Pandoc (>= 1.12.3) and/or pandoc-citeproc not available. Falling back to R Markdown v1.
    --- finished re-building ‘authentication.Rmd’
    
    --- re-building ‘geocoder.Rmd’ using rmarkdown
    Warning in engine$weave(file, quiet = quiet, encoding = enc) :
     Pandoc (>= 1.12.3) and/or pandoc-citeproc not available. Falling back to R Markdown v1.
    Quitting from lines 57-64 (geocoder.Rmd)
    Error: processing vignette 'geocoder.Rmd' failed with diagnostics:
    cannot open the connection
    --- failed re-building ‘geocoder.Rmd’
    
    --- re-building ‘routing.Rmd’ using rmarkdown
    Warning in engine$weave(file, quiet = quiet, encoding = enc) :
     Pandoc (>= 1.12.3) and/or pandoc-citeproc not available. Falling back to R Markdown v1.
    Quitting from lines 49-59 (routing.Rmd)
    Error: processing vignette 'routing.Rmd' failed with diagnostics:
    cannot open the connection
    --- failed re-building ‘routing.Rmd’
    
    --- re-building ‘traffic.Rmd’ using rmarkdown
    Warning in engine$weave(file, quiet = quiet, encoding = enc) :
     Pandoc (>= 1.12.3) and/or pandoc-citeproc not available. Falling back to R Markdown v1.
    Quitting from lines 41-49 (traffic.Rmd)
    Error: processing vignette 'traffic.Rmd' failed with diagnostics:
    cannot open the connection
    --- failed re-building ‘traffic.Rmd’
    
    --- re-building ‘transit.Rmd’ using rmarkdown
    Warning in engine$weave(file, quiet = quiet, encoding = enc) :
     Pandoc (>= 1.12.3) and/or pandoc-citeproc not available. Falling back to R Markdown v1.
    Quitting from lines 56-62 (transit.Rmd)
    Error: processing vignette 'transit.Rmd' failed with diagnostics:
    cannot open the connection
    --- failed re-building ‘transit.Rmd’
    
    --- re-building ‘weather.Rmd’ using rmarkdown
    Warning in engine$weave(file, quiet = quiet, encoding = enc) :
     Pandoc (>= 1.12.3) and/or pandoc-citeproc not available. Falling back to R Markdown v1.
    Quitting from lines 54-70 (weather.Rmd)
    Error: processing vignette 'weather.Rmd' failed with diagnostics:
    argument is of length zero
    --- failed re-building ‘weather.Rmd’
    
    SUMMARY: processing the following files failed:
     ‘geocoder.Rmd’ ‘routing.Rmd’ ‘traffic.Rmd’ ‘transit.Rmd’
     ‘weather.Rmd’
    
    Error: Vignette re-building failed.
    Execution halted
Flavor: r-patched-solaris-x86

Version: 0.3.1
Check: re-building of vignette outputs
Result: WARN
    Error(s) in re-building vignettes:
    --- re-building ‘authentication.Rmd’ using rmarkdown
    Warning in engine$weave(file, quiet = quiet, encoding = enc) :
     Pandoc (>= 1.12.3) and/or pandoc-citeproc not available. Falling back to R Markdown v1.
    --- finished re-building ‘authentication.Rmd’
    
    --- re-building ‘geocoder.Rmd’ using rmarkdown
    Warning in engine$weave(file, quiet = quiet, encoding = enc) :
     Pandoc (>= 1.12.3) and/or pandoc-citeproc not available. Falling back to R Markdown v1.
    Quitting from lines 57-64 (geocoder.Rmd)
    Error: processing vignette 'geocoder.Rmd' failed with diagnostics:
    cannot open the connection
    --- failed re-building ‘geocoder.Rmd’
    
    --- re-building ‘routing.Rmd’ using rmarkdown
    Warning in engine$weave(file, quiet = quiet, encoding = enc) :
     Pandoc (>= 1.12.3) and/or pandoc-citeproc not available. Falling back to R Markdown v1.
    Quitting from lines 49-59 (routing.Rmd)
    Error: processing vignette 'routing.Rmd' failed with diagnostics:
    cannot open the connection
    --- failed re-building ‘routing.Rmd’
    
    --- re-building ‘traffic.Rmd’ using rmarkdown
    Warning in engine$weave(file, quiet = quiet, encoding = enc) :
     Pandoc (>= 1.12.3) and/or pandoc-citeproc not available. Falling back to R Markdown v1.
    Quitting from lines 41-49 (traffic.Rmd)
    Error: processing vignette 'traffic.Rmd' failed with diagnostics:
    cannot open the connection
    --- failed re-building ‘traffic.Rmd’
    
    --- re-building ‘transit.Rmd’ using rmarkdown
    Warning in engine$weave(file, quiet = quiet, encoding = enc) :
     Pandoc (>= 1.12.3) and/or pandoc-citeproc not available. Falling back to R Markdown v1.
    Quitting from lines 56-62 (transit.Rmd)
    Error: processing vignette 'transit.Rmd' failed with diagnostics:
    cannot open the connection
    --- failed re-building ‘transit.Rmd’
    
    --- re-building ‘weather.Rmd’ using rmarkdown
    Warning in engine$weave(file, quiet = quiet, encoding = enc) :
     Pandoc (>= 1.12.3) and/or pandoc-citeproc not available. Falling back to R Markdown v1.
    Quitting from lines 54-70 (weather.Rmd)
    Error: processing vignette 'weather.Rmd' failed with diagnostics:
    cannot open the connection
    --- failed re-building ‘weather.Rmd’
    
    SUMMARY: processing the following files failed:
     ‘geocoder.Rmd’ ‘routing.Rmd’ ‘traffic.Rmd’ ‘transit.Rmd’
     ‘weather.Rmd’
    
    Error: Vignette re-building failed.
    Execution halted
Flavor: r-release-osx-x86_64

Version: 0.3.1
Check: re-building of vignette outputs
Result: WARN
    Error in re-building vignettes:
     ...
    Warning in engine$weave(file, quiet = quiet, encoding = enc) :
     Pandoc (>= 1.12.3) and/or pandoc-citeproc not available. Falling back to R Markdown v1.
    Warning in engine$weave(file, quiet = quiet, encoding = enc) :
     Pandoc (>= 1.12.3) and/or pandoc-citeproc not available. Falling back to R Markdown v1.
    Quitting from lines 57-64 (geocoder.Rmd)
    Error: processing vignette 'geocoder.Rmd' failed with diagnostics:
    cannot open the connection
    Execution halted
Flavor: r-oldrel-osx-x86_64