CRAN Package Check Results for Package hmlasso

Last updated on 2020-03-27 00:49:24 CET.

Flavor Version Tinstall Tcheck Ttotal Status Flags
r-devel-linux-x86_64-debian-clang 0.0.1 29.22 79.27 108.49 OK
r-devel-linux-x86_64-debian-gcc 0.0.1 18.94 61.13 80.07 OK
r-devel-linux-x86_64-fedora-clang 0.0.1 141.29 NOTE
r-devel-linux-x86_64-fedora-gcc 0.0.1 125.18 NOTE
r-devel-windows-ix86+x86_64 0.0.1 47.00 104.00 151.00 OK
r-devel-windows-ix86+x86_64-gcc8 0.0.1 53.00 129.00 182.00 OK
r-patched-linux-x86_64 0.0.1 20.19 71.64 91.83 OK
r-patched-solaris-x86 0.0.1 175.30 NOTE
r-release-linux-x86_64 0.0.1 22.07 71.60 93.67 OK
r-release-windows-ix86+x86_64 0.0.1 70.00 154.00 224.00 OK
r-release-osx-x86_64 0.0.1 NOTE
r-oldrel-windows-ix86+x86_64 0.0.1 54.00 179.00 233.00 OK
r-oldrel-osx-x86_64 0.0.1 NOTE

Check Details

Version: 0.0.1
Check: dependencies in R code
Result: NOTE
    Namespace in Imports field not imported from: ‘MASS’
     All declared Imports should be used.
Flavors: r-devel-linux-x86_64-fedora-clang, r-devel-linux-x86_64-fedora-gcc, r-patched-solaris-x86, r-release-osx-x86_64, r-oldrel-osx-x86_64