CRAN Package Check Results for Package hsphase

Last updated on 2020-03-27 00:49:24 CET.

Flavor Version Tinstall Tcheck Ttotal Status Flags
r-devel-linux-x86_64-debian-clang 2.0.2 69.12 52.16 121.28 OK
r-devel-linux-x86_64-debian-gcc 2.0.2 41.97 39.70 81.67 OK
r-devel-linux-x86_64-fedora-clang 2.0.2 172.67 NOTE
r-devel-linux-x86_64-fedora-gcc 2.0.2 145.38 NOTE
r-devel-windows-ix86+x86_64 2.0.2 122.00 82.00 204.00 OK
r-devel-windows-ix86+x86_64-gcc8 2.0.2 134.00 97.00 231.00 OK
r-patched-linux-x86_64 2.0.2 52.22 47.84 100.06 OK
r-patched-solaris-x86 2.0.2 149.80 OK
r-release-linux-x86_64 2.0.2 53.90 47.76 101.66 OK
r-release-windows-ix86+x86_64 2.0.2 188.00 95.00 283.00 OK
r-release-osx-x86_64 2.0.2 OK
r-oldrel-windows-ix86+x86_64 2.0.2 144.00 115.00 259.00 OK
r-oldrel-osx-x86_64 2.0.2 OK

Check Details

Version: 2.0.2
Check: compiled code
Result: NOTE
    File ‘hsphase/libs/hsphase.so’:
     Found no calls to: ‘R_registerRoutines’, ‘R_useDynamicSymbols’
    
    It is good practice to register native routines and to disable symbol
    search.
    
    See ‘Writing portable packages’ in the ‘Writing R Extensions’ manual.
Flavors: r-devel-linux-x86_64-fedora-clang, r-devel-linux-x86_64-fedora-gcc