CRAN Package Check Results for Package humidity

Last updated on 2020-03-27 00:49:24 CET.

Flavor Version Tinstall Tcheck Ttotal Status Flags
r-devel-linux-x86_64-debian-clang 0.1.5 2.28 25.58 27.86 OK
r-devel-linux-x86_64-debian-gcc 0.1.5 1.58 20.58 22.16 OK
r-devel-linux-x86_64-fedora-clang 0.1.5 35.41 OK
r-devel-linux-x86_64-fedora-gcc 0.1.5 30.72 OK
r-devel-windows-ix86+x86_64 0.1.5 7.00 38.00 45.00 OK
r-devel-windows-ix86+x86_64-gcc8 0.1.5 5.00 39.00 44.00 OK
r-patched-linux-x86_64 0.1.5 1.71 23.48 25.19 OK
r-patched-solaris-x86 0.1.5 49.30 OK
r-release-linux-x86_64 0.1.5 1.52 23.44 24.96 OK
r-release-windows-ix86+x86_64 0.1.5 9.00 57.00 66.00 OK
r-release-osx-x86_64 0.1.5 OK
r-oldrel-windows-ix86+x86_64 0.1.5 4.00 50.00 54.00 WARN
r-oldrel-osx-x86_64 0.1.5 OK

Check Details

Version: 0.1.5
Check: whether package can be installed
Result: WARN
    Found the following significant warnings:
     Warning: unable to re-encode 'data.R' line 27
Flavor: r-oldrel-windows-ix86+x86_64