CRAN Package Check Results for Package hwordcloud

Last updated on 2020-03-27 00:49:24 CET.

Flavor Version Tinstall Tcheck Ttotal Status Flags
r-devel-linux-x86_64-debian-clang 0.1.0 2.49 28.05 30.54 OK
r-devel-linux-x86_64-debian-gcc 0.1.0 2.14 22.02 24.16 OK
r-devel-linux-x86_64-fedora-clang 0.1.0 38.31 NOTE
r-devel-linux-x86_64-fedora-gcc 0.1.0 36.58 NOTE
r-devel-windows-ix86+x86_64 0.1.0 12.00 45.00 57.00 OK
r-devel-windows-ix86+x86_64-gcc8 0.1.0 8.00 46.00 54.00 OK
r-patched-linux-x86_64 0.1.0 2.31 25.31 27.62 OK
r-patched-solaris-x86 0.1.0 57.60 WARN
r-release-linux-x86_64 0.1.0 2.21 25.61 27.82 OK
r-release-windows-ix86+x86_64 0.1.0 15.00 62.00 77.00 OK
r-release-osx-x86_64 0.1.0 WARN
r-oldrel-windows-ix86+x86_64 0.1.0 6.00 63.00 69.00 OK
r-oldrel-osx-x86_64 0.1.0 WARN

Check Details

Version: 0.1.0
Check: dependencies in R code
Result: NOTE
    Namespaces in Imports field not imported from:
     ‘colourpicker’ ‘shiny’ ‘wordcloud2’
     All declared Imports should be used.
Flavors: r-devel-linux-x86_64-fedora-clang, r-devel-linux-x86_64-fedora-gcc, r-patched-solaris-x86, r-release-osx-x86_64, r-oldrel-osx-x86_64

Version: 0.1.0
Check: re-building of vignette outputs
Result: WARN
    Error(s) in re-building vignettes:
     ...
    --- re-building ‘hwordcloud.Rmd’ using rmarkdown
    Warning in engine$weave(file, quiet = quiet, encoding = enc) :
     Pandoc (>= 1.12.3) and/or pandoc-citeproc not available. Falling back to R Markdown v1.
    Quitting from lines 48-53 (hwordcloud.Rmd)
    Error: processing vignette 'hwordcloud.Rmd' failed with diagnostics:
    there is no package called 'webshot'
    --- failed re-building ‘hwordcloud.Rmd’
    
    SUMMARY: processing the following file failed:
     ‘hwordcloud.Rmd’
    
    Error: Vignette re-building failed.
    Execution halted
Flavor: r-patched-solaris-x86

Version: 0.1.0
Check: re-building of vignette outputs
Result: WARN
    Error(s) in re-building vignettes:
     ...
    --- re-building ‘hwordcloud.Rmd’ using rmarkdown
    Warning in engine$weave(file, quiet = quiet, encoding = enc) :
     Pandoc (>= 1.12.3) and/or pandoc-citeproc not available. Falling back to R Markdown v1.
    Quitting from lines 48-53 (hwordcloud.Rmd)
    Error: processing vignette 'hwordcloud.Rmd' failed with diagnostics:
    cannot open the connection
    --- failed re-building ‘hwordcloud.Rmd’
    
    SUMMARY: processing the following file failed:
     ‘hwordcloud.Rmd’
    
    Error: Vignette re-building failed.
    Execution halted
Flavor: r-release-osx-x86_64

Version: 0.1.0
Check: re-building of vignette outputs
Result: WARN
    Error in re-building vignettes:
     ...
    Warning in engine$weave(file, quiet = quiet, encoding = enc) :
     Pandoc (>= 1.12.3) and/or pandoc-citeproc not available. Falling back to R Markdown v1.
    Quitting from lines 48-53 (hwordcloud.Rmd)
    Error: processing vignette 'hwordcloud.Rmd' failed with diagnostics:
    cannot open the connection
    Execution halted
Flavor: r-oldrel-osx-x86_64