CRAN Package Check Results for Package hydrolinks

Last updated on 2020-03-27 00:49:24 CET.

Flavor Version Tinstall Tcheck Ttotal Status Flags
r-devel-linux-x86_64-debian-clang 0.10.0 7.18 62.44 69.62 OK
r-devel-linux-x86_64-debian-gcc 0.10.0 4.94 47.61 52.55 OK
r-devel-linux-x86_64-fedora-clang 0.10.0 86.91 NOTE
r-devel-linux-x86_64-fedora-gcc 0.10.0 85.01 NOTE
r-devel-windows-ix86+x86_64 0.10.0 15.00 70.00 85.00 OK
r-devel-windows-ix86+x86_64-gcc8 0.10.0 21.00 80.00 101.00 OK
r-patched-linux-x86_64 0.10.0 5.79 54.11 59.90 OK
r-patched-solaris-x86 0.10.0 133.20 NOTE
r-release-linux-x86_64 0.10.0 5.72 54.25 59.97 OK
r-release-windows-ix86+x86_64 0.10.0 30.00 111.00 141.00 OK
r-release-osx-x86_64 0.10.0 NOTE
r-oldrel-windows-ix86+x86_64 0.10.0 21.00 101.00 122.00 OK
r-oldrel-osx-x86_64 0.10.0 NOTE

Check Details

Version: 0.10.0
Check: dependencies in R code
Result: NOTE
    Namespace in Imports field not imported from: ‘dbplyr’
     All declared Imports should be used.
Flavors: r-devel-linux-x86_64-fedora-clang, r-devel-linux-x86_64-fedora-gcc, r-patched-solaris-x86, r-release-osx-x86_64, r-oldrel-osx-x86_64