CRAN Package Check Results for Package hyperSpec

Last updated on 2020-03-27 00:49:24 CET.

Flavor Version Tinstall Tcheck Ttotal Status Flags
r-devel-linux-x86_64-debian-clang 0.99-20200213 18.35 283.03 301.38 OK
r-devel-linux-x86_64-debian-gcc 0.99-20200213 14.11 206.21 220.32 WARN
r-devel-linux-x86_64-fedora-clang 0.99-20200213 360.09 NOTE
r-devel-linux-x86_64-fedora-gcc 0.99-20200213 341.84 OK
r-devel-windows-ix86+x86_64 0.99-20200213 30.00 304.00 334.00 NOTE
r-devel-windows-ix86+x86_64-gcc8 0.99-20200213 30.00 314.00 344.00 NOTE
r-patched-linux-x86_64 0.99-20200213 14.02 254.96 268.98 OK
r-patched-solaris-x86 0.99-20200213 427.10 NOTE
r-release-linux-x86_64 0.99-20200213 14.49 248.77 263.26 WARN
r-release-windows-ix86+x86_64 0.99-20200213 57.00 407.00 464.00 NOTE
r-release-osx-x86_64 0.99-20200213 NOTE
r-oldrel-osx-x86_64 0.99-20200213 ERROR

Check Details

Version: 0.99-20200213
Check: sizes of PDF files under ‘inst/doc’
Result: WARN
     ‘gs+qpdf’ made some significant size reductions:
     compacted ‘plotting.pdf’ from 885Kb to 606Kb
     consider running tools::compactPDF(gs_quality = "ebook") on these files
Flavors: r-devel-linux-x86_64-debian-gcc, r-release-linux-x86_64

Version: 0.99-20200213
Check: installed package size
Result: NOTE
     installed size is 5.2Mb
     sub-directories of 1Mb or more:
     doc 3.8Mb
Flavors: r-devel-linux-x86_64-fedora-clang, r-devel-windows-ix86+x86_64, r-devel-windows-ix86+x86_64-gcc8, r-patched-solaris-x86, r-release-windows-ix86+x86_64, r-release-osx-x86_64

Version: 0.99-20200213
Check: whether package can be installed
Result: ERROR
    Installation failed.
Flavor: r-oldrel-osx-x86_64