Last updated on 2020-03-27 00:49:24 CET.
Flavor | Version | Tinstall | Tcheck | Ttotal | Status | Flags |
---|---|---|---|---|---|---|
r-devel-linux-x86_64-debian-clang | 1.3.2 | 97.33 | 70.33 | 167.66 | OK | |
r-devel-linux-x86_64-debian-gcc | 1.3.2 | 54.66 | 54.10 | 108.76 | OK | |
r-devel-linux-x86_64-fedora-clang | 1.3.2 | 229.24 | OK | |||
r-devel-linux-x86_64-fedora-gcc | 1.3.2 | 196.63 | OK | |||
r-devel-windows-ix86+x86_64 | 1.3.2 | 160.00 | 139.00 | 299.00 | OK | |
r-devel-windows-ix86+x86_64-gcc8 | 1.3.2 | 173.00 | 151.00 | 324.00 | OK | |
r-patched-linux-x86_64 | 1.3.2 | 69.51 | 67.47 | 136.98 | OK | |
r-patched-solaris-x86 | 1.3.2 | 229.30 | NOTE | |||
r-release-linux-x86_64 | 1.3.2 | 66.96 | 66.22 | 133.18 | OK | |
r-release-windows-ix86+x86_64 | 1.3.2 | 240.00 | 177.00 | 417.00 | OK | |
r-release-osx-x86_64 | 1.3.2 | OK | ||||
r-oldrel-windows-ix86+x86_64 | 1.3.2 | 192.00 | 183.00 | 375.00 | OK | |
r-oldrel-osx-x86_64 | 1.3.2 | OK |
Version: 1.3.2
Check: package dependencies
Result: NOTE
Package suggested but not available for checking: ‘tesseract’
Flavor: r-patched-solaris-x86