CRAN Package Check Results for Package incgraph

Last updated on 2020-03-27 00:49:25 CET.

Flavor Version Tinstall Tcheck Ttotal Status Flags
r-devel-linux-x86_64-debian-clang 1.0.1 26.10 48.29 74.39 OK
r-devel-linux-x86_64-debian-gcc 1.0.1 16.51 36.18 52.69 OK
r-devel-linux-x86_64-fedora-clang 1.0.1 93.86 NOTE
r-devel-linux-x86_64-fedora-gcc 1.0.1 84.55 NOTE
r-devel-windows-ix86+x86_64 1.0.1 45.00 84.00 129.00 OK
r-devel-windows-ix86+x86_64-gcc8 1.0.1 47.00 96.00 143.00 OK
r-patched-linux-x86_64 1.0.1 18.38 41.33 59.71 OK
r-patched-solaris-x86 1.0.1 110.30 NOTE
r-release-linux-x86_64 1.0.1 18.69 42.02 60.71 OK
r-release-windows-ix86+x86_64 1.0.1 78.00 122.00 200.00 OK
r-release-osx-x86_64 1.0.1 NOTE
r-oldrel-windows-ix86+x86_64 1.0.1 74.00 128.00 202.00 OK
r-oldrel-osx-x86_64 1.0.1 NOTE

Check Details

Version: 1.0.1
Check: dependencies in R code
Result: NOTE
    Namespace in Imports field not imported from: ‘testthat’
     All declared Imports should be used.
Flavors: r-devel-linux-x86_64-fedora-clang, r-devel-linux-x86_64-fedora-gcc, r-patched-solaris-x86, r-release-osx-x86_64, r-oldrel-osx-x86_64