CRAN Package Check Results for Package inlabru

Last updated on 2020-03-27 00:49:25 CET.

Flavor Version Tinstall Tcheck Ttotal Status Flags
r-devel-linux-x86_64-debian-clang 2.1.13 14.56 134.73 149.29 NOTE
r-devel-linux-x86_64-debian-gcc 2.1.13 15.00 100.04 115.04 NOTE
r-devel-linux-x86_64-fedora-clang 2.1.13 176.96 OK
r-devel-linux-x86_64-fedora-gcc 2.1.13 164.35 OK
r-devel-windows-ix86+x86_64 2.1.13 31.00 135.00 166.00 OK
r-devel-windows-ix86+x86_64-gcc8 2.1.13 25.00 155.00 180.00 OK
r-patched-linux-x86_64 2.1.13 12.11 114.32 126.43 NOTE
r-patched-solaris-x86 2.1.13 240.20 NOTE
r-release-linux-x86_64 2.1.13 13.23 116.42 129.65 NOTE
r-release-windows-ix86+x86_64 2.1.13 47.00 188.00 235.00 OK
r-release-osx-x86_64 2.1.13 NOTE
r-oldrel-windows-ix86+x86_64 2.1.13 33.00 166.00 199.00 OK
r-oldrel-osx-x86_64 2.1.13 NOTE

Check Details

Version: 2.1.13
Check: package dependencies
Result: NOTE
    Package suggested but not available for checking: 'INLA'
Flavors: r-devel-linux-x86_64-debian-clang, r-devel-linux-x86_64-debian-gcc, r-patched-linux-x86_64, r-patched-solaris-x86, r-release-linux-x86_64, r-release-osx-x86_64, r-oldrel-osx-x86_64

Version: 2.1.13
Check: Rd cross-references
Result: NOTE
    Package unavailable to check Rd xrefs: 'INLA'
Flavors: r-devel-linux-x86_64-debian-clang, r-devel-linux-x86_64-debian-gcc, r-patched-linux-x86_64, r-patched-solaris-x86, r-release-linux-x86_64, r-release-osx-x86_64, r-oldrel-osx-x86_64

Version: 2.1.13
Check: dependencies in R code
Result: NOTE
    No protocol specified
Flavors: r-release-osx-x86_64, r-oldrel-osx-x86_64