Last updated on 2020-03-27 00:49:25 CET.
Flavor | Version | Tinstall | Tcheck | Ttotal | Status | Flags |
---|---|---|---|---|---|---|
r-devel-linux-x86_64-debian-clang | 0.0.11 | 12.02 | 88.27 | 100.29 | OK | |
r-devel-linux-x86_64-debian-gcc | 0.0.11 | 9.22 | 68.31 | 77.53 | OK | |
r-devel-linux-x86_64-fedora-clang | 0.0.11 | 128.71 | NOTE | |||
r-devel-linux-x86_64-fedora-gcc | 0.0.11 | 117.28 | NOTE | |||
r-devel-windows-ix86+x86_64 | 0.0.11 | 22.00 | 92.00 | 114.00 | OK | |
r-devel-windows-ix86+x86_64-gcc8 | 0.0.11 | 22.00 | 105.00 | 127.00 | OK | |
r-patched-linux-x86_64 | 0.0.11 | 10.56 | 77.92 | 88.48 | OK | |
r-patched-solaris-x86 | 0.0.11 | 174.50 | NOTE | |||
r-release-linux-x86_64 | 0.0.11 | 9.87 | 78.81 | 88.68 | OK | |
r-release-windows-ix86+x86_64 | 0.0.11 | 27.00 | 127.00 | 154.00 | OK | |
r-release-osx-x86_64 | 0.0.11 | NOTE | ||||
r-oldrel-windows-ix86+x86_64 | 0.0.11 | 19.00 | 117.00 | 136.00 | OK | |
r-oldrel-osx-x86_64 | 0.0.11 | NOTE |
Version: 0.0.11
Check: dependencies in R code
Result: NOTE
Namespace in Imports field not imported from: ‘seqinr’
All declared Imports should be used.
Flavors: r-devel-linux-x86_64-fedora-clang, r-devel-linux-x86_64-fedora-gcc, r-patched-solaris-x86, r-release-osx-x86_64, r-oldrel-osx-x86_64