CRAN Package Check Results for Package itsadug

Last updated on 2020-03-27 00:49:25 CET.

Flavor Version Tinstall Tcheck Ttotal Status Flags
r-devel-linux-x86_64-debian-clang 2.3 12.82 192.88 205.70 WARN
r-devel-linux-x86_64-debian-gcc 2.3 11.38 148.22 159.60 WARN
r-devel-linux-x86_64-fedora-clang 2.3 148.47 WARN
r-devel-linux-x86_64-fedora-gcc 2.3 228.88 WARN
r-devel-windows-ix86+x86_64 2.3 26.00 193.00 219.00 WARN
r-devel-windows-ix86+x86_64-gcc8 2.3 20.00 224.00 244.00 OK
r-patched-linux-x86_64 2.3 13.18 185.56 198.74 OK
r-patched-solaris-x86 2.3 431.60 WARN
r-release-linux-x86_64 2.3 11.48 184.83 196.31 OK
r-release-windows-ix86+x86_64 2.3 28.00 257.00 285.00 OK
r-release-osx-x86_64 2.3 OK
r-oldrel-windows-ix86+x86_64 2.3 20.00 245.00 265.00 OK
r-oldrel-osx-x86_64 2.3 OK

Check Details

Version: 2.3
Check: re-building of vignette outputs
Result: WARN
    Error(s) in re-building vignettes:
     ...
    --- re-building 'acf.Rmd' using rmarkdown
    --- finished re-building 'acf.Rmd'
    
    --- re-building 'inspect.Rmd' using rmarkdown
    Quitting from lines 101-106 (inspect.Rmd)
    Error: processing vignette 'inspect.Rmd' failed with diagnostics:
    non-conformable arrays
    --- failed re-building 'inspect.Rmd'
    
    --- re-building 'test.Rmd' using rmarkdown
    Quitting from lines 187-200 (test.Rmd)
    Error: processing vignette 'test.Rmd' failed with diagnostics:
    non-conformable arrays
    --- failed re-building 'test.Rmd'
    
    SUMMARY: processing the following files failed:
     'inspect.Rmd' 'test.Rmd'
    
    Error: Vignette re-building failed.
    Execution halted
Flavors: r-devel-linux-x86_64-debian-clang, r-devel-linux-x86_64-debian-gcc

Version: 2.3
Check: re-building of vignette outputs
Result: WARN
    Error(s) in re-building vignettes:
    --- re-building ‘acf.Rmd’ using rmarkdown
    Warning in engine$weave(file, quiet = quiet, encoding = enc) :
     The vignette engine knitr::rmarkdown is not available, because the rmarkdown package is not installed. Please install it.
    --- finished re-building ‘acf.Rmd’
    
    --- re-building ‘inspect.Rmd’ using rmarkdown
    Warning in engine$weave(file, quiet = quiet, encoding = enc) :
     The vignette engine knitr::rmarkdown is not available, because the rmarkdown package is not installed. Please install it.
    Quitting from lines 101-106 (inspect.Rmd)
    Error: processing vignette 'inspect.Rmd' failed with diagnostics:
    non-conformable arrays
    --- failed re-building ‘inspect.Rmd’
    
    --- re-building ‘test.Rmd’ using rmarkdown
    Warning in engine$weave(file, quiet = quiet, encoding = enc) :
     The vignette engine knitr::rmarkdown is not available, because the rmarkdown package is not installed. Please install it.
    Quitting from lines 187-200 (test.Rmd)
    Error: processing vignette 'test.Rmd' failed with diagnostics:
    non-conformable arrays
    --- failed re-building ‘test.Rmd’
    
    SUMMARY: processing the following files failed:
     ‘inspect.Rmd’ ‘test.Rmd’
    
    Error: Vignette re-building failed.
    Execution halted
Flavors: r-devel-linux-x86_64-fedora-clang, r-devel-windows-ix86+x86_64

Version: 2.3
Check: re-building of vignette outputs
Result: WARN
    Error(s) in re-building vignettes:
    --- re-building ‘acf.Rmd’ using rmarkdown
    --- finished re-building ‘acf.Rmd’
    
    --- re-building ‘inspect.Rmd’ using rmarkdown
    Quitting from lines 101-106 (inspect.Rmd)
    Error: processing vignette 'inspect.Rmd' failed with diagnostics:
    non-conformable arrays
    --- failed re-building ‘inspect.Rmd’
    
    --- re-building ‘test.Rmd’ using rmarkdown
    Quitting from lines 187-200 (test.Rmd)
    Error: processing vignette 'test.Rmd' failed with diagnostics:
    non-conformable arrays
    --- failed re-building ‘test.Rmd’
    
    SUMMARY: processing the following files failed:
     ‘inspect.Rmd’ ‘test.Rmd’
    
    Error: Vignette re-building failed.
    Execution halted
Flavor: r-devel-linux-x86_64-fedora-gcc

Version: 2.3
Check: re-building of vignette outputs
Result: WARN
    Error(s) in re-building vignettes:
     ...
    --- re-building ‘acf.Rmd’ using rmarkdown
    Warning in engine$weave(file, quiet = quiet, encoding = enc) :
     The vignette engine knitr::rmarkdown is not available, because the rmarkdown package is not installed. Please install it.
    --- finished re-building ‘acf.Rmd’
    
    --- re-building ‘inspect.Rmd’ using rmarkdown
    Warning in engine$weave(file, quiet = quiet, encoding = enc) :
     The vignette engine knitr::rmarkdown is not available, because the rmarkdown package is not installed. Please install it.
    Quitting from lines 101-106 (inspect.Rmd)
    Error: processing vignette 'inspect.Rmd' failed with diagnostics:
    non-conformable arrays
    --- failed re-building ‘inspect.Rmd’
    
    --- re-building ‘test.Rmd’ using rmarkdown
    Warning in engine$weave(file, quiet = quiet, encoding = enc) :
     The vignette engine knitr::rmarkdown is not available, because the rmarkdown package is not installed. Please install it.
    Quitting from lines 187-200 (test.Rmd)
    Error: processing vignette 'test.Rmd' failed with diagnostics:
    non-conformable arrays
    --- failed re-building ‘test.Rmd’
    
    SUMMARY: processing the following files failed:
     ‘inspect.Rmd’ ‘test.Rmd’
    
    Error: Vignette re-building failed.
    Execution halted
Flavor: r-patched-solaris-x86