Last updated on 2020-03-27 00:49:25 CET.
Flavor | Version | Tinstall | Tcheck | Ttotal | Status | Flags |
---|---|---|---|---|---|---|
r-devel-linux-x86_64-debian-clang | 1.4 | 21.01 | 186.47 | 207.48 | OK | |
r-devel-linux-x86_64-debian-gcc | 1.4 | 18.61 | 140.39 | 159.00 | OK | |
r-devel-linux-x86_64-fedora-clang | 1.4 | 247.59 | OK | |||
r-devel-linux-x86_64-fedora-gcc | 1.4 | 254.14 | OK | |||
r-devel-windows-ix86+x86_64 | 1.4 | 5.00 | 6.00 | 11.00 | ERROR | |
r-devel-windows-ix86+x86_64-gcc8 | 1.4 | 38.00 | 198.00 | 236.00 | OK | |
r-patched-linux-x86_64 | 1.4 | 17.41 | 153.26 | 170.67 | OK | |
r-patched-solaris-x86 | 1.4 | 386.20 | OK | |||
r-release-linux-x86_64 | 1.4 | 17.16 | 155.21 | 172.37 | OK | |
r-release-windows-ix86+x86_64 | 1.4 | 9.00 | 8.00 | 17.00 | ERROR | |
r-release-osx-x86_64 | 1.4 | OK | ||||
r-oldrel-windows-ix86+x86_64 | 1.4 | 32.00 | 199.00 | 231.00 | OK | |
r-oldrel-osx-x86_64 | 1.4 | OK |
Version: 1.4
Check: whether package can be installed
Result: ERROR
Installation failed.
Flavors: r-devel-windows-ix86+x86_64, r-release-windows-ix86+x86_64