Last updated on 2020-03-27 00:49:25 CET.
Flavor | Version | Tinstall | Tcheck | Ttotal | Status | Flags |
---|---|---|---|---|---|---|
r-devel-linux-x86_64-debian-clang | 1.3.1 | 9.83 | 69.27 | 79.10 | OK | |
r-devel-linux-x86_64-debian-gcc | 1.3.1 | 7.64 | 52.80 | 60.44 | OK | |
r-devel-linux-x86_64-fedora-clang | 1.3.1 | 96.90 | NOTE | |||
r-devel-linux-x86_64-fedora-gcc | 1.3.1 | 90.04 | NOTE | |||
r-devel-windows-ix86+x86_64 | 1.3.1 | 18.00 | 93.00 | 111.00 | OK | |
r-devel-windows-ix86+x86_64-gcc8 | 1.3.1 | 17.00 | 111.00 | 128.00 | OK | |
r-patched-linux-x86_64 | 1.3.1 | 8.62 | 60.57 | 69.19 | OK | |
r-patched-solaris-x86 | 1.3.1 | 141.50 | OK | |||
r-release-linux-x86_64 | 1.3.1 | 7.23 | 60.82 | 68.05 | OK | |
r-release-windows-ix86+x86_64 | 1.3.1 | 22.00 | 128.00 | 150.00 | OK | |
r-release-osx-x86_64 | 1.3.1 | OK | ||||
r-oldrel-windows-ix86+x86_64 | 1.3.1 | 17.00 | 130.00 | 147.00 | OK | |
r-oldrel-osx-x86_64 | 1.3.1 | OK |
Version: 1.3.1
Check: compiled code
Result: NOTE
File ‘kknn/libs/kknn.so’:
Found no calls to: ‘R_registerRoutines’, ‘R_useDynamicSymbols’
It is good practice to register native routines and to disable symbol
search.
See ‘Writing portable packages’ in the ‘Writing R Extensions’ manual.
Flavors: r-devel-linux-x86_64-fedora-clang, r-devel-linux-x86_64-fedora-gcc