CRAN Package Check Results for Package kmeRs

Last updated on 2020-03-27 00:49:25 CET.

Flavor Version Tinstall Tcheck Ttotal Status Flags
r-devel-linux-x86_64-debian-clang 1.1.0 16.83 137.76 154.59 OK
r-devel-linux-x86_64-debian-gcc 1.1.0 13.12 102.65 115.77 OK
r-devel-linux-x86_64-fedora-clang 1.1.0 178.99 OK
r-devel-linux-x86_64-fedora-gcc 1.1.0 182.44 OK
r-devel-windows-ix86+x86_64 1.1.0 3.00 6.00 9.00 ERROR
r-devel-windows-ix86+x86_64-gcc8 1.1.0 29.00 145.00 174.00 OK
r-patched-linux-x86_64 1.1.0 11.06 114.09 125.15 OK
r-patched-solaris-x86 1.1.0 282.70 OK
r-release-linux-x86_64 1.1.0 12.34 114.86 127.20 OK
r-release-windows-ix86+x86_64 1.1.0 43.00 174.00 217.00 OK
r-release-osx-x86_64 1.1.0 OK
r-oldrel-windows-ix86+x86_64 1.1.0 24.00 170.00 194.00 OK
r-oldrel-osx-x86_64 1.1.0 OK

Check Details

Version: 1.1.0
Check: whether package can be installed
Result: ERROR
    Installation failed.
Flavor: r-devel-windows-ix86+x86_64