Last updated on 2020-03-27 00:49:25 CET.
Flavor | Version | Tinstall | Tcheck | Ttotal | Status | Flags |
---|---|---|---|---|---|---|
r-devel-linux-x86_64-debian-clang | 2.4.2 | 9.35 | 58.09 | 67.44 | NOTE | |
r-devel-linux-x86_64-debian-gcc | 2.4.2 | 7.53 | 45.76 | 53.29 | NOTE | |
r-devel-linux-x86_64-fedora-clang | 2.4.2 | 81.21 | NOTE | |||
r-devel-linux-x86_64-fedora-gcc | 2.4.2 | 77.56 | NOTE | |||
r-devel-windows-ix86+x86_64 | 2.4.2 | 16.00 | 68.00 | 84.00 | OK | |
r-devel-windows-ix86+x86_64-gcc8 | 2.4.2 | 20.00 | 78.00 | 98.00 | OK | |
r-patched-linux-x86_64 | 2.4.2 | 6.19 | 51.92 | 58.11 | OK | |
r-patched-solaris-x86 | 2.4.2 | 109.30 | NOTE | |||
r-release-linux-x86_64 | 2.4.2 | 7.41 | 52.26 | 59.67 | OK | |
r-release-windows-ix86+x86_64 | 2.4.2 | 30.00 | 96.00 | 126.00 | OK | |
r-release-osx-x86_64 | 2.4.2 | WARN | ||||
r-oldrel-windows-ix86+x86_64 | 2.4.2 | 21.00 | 106.00 | 127.00 | OK | |
r-oldrel-osx-x86_64 | 2.4.2 | OK |
Version: 2.4.2
Check: for non-standard things in the check directory
Result: NOTE
Found the following files/directories:
'cld1.Rdata' 'main.tex' 'myCld.Rdata' 'myCld3d.Rdata' 'scene.asy'
Flavors: r-devel-linux-x86_64-debian-clang, r-devel-linux-x86_64-debian-gcc, r-devel-linux-x86_64-fedora-clang, r-devel-linux-x86_64-fedora-gcc, r-patched-solaris-x86
Version: 2.4.2
Check: whether package can be installed
Result: WARN
Found the following significant warnings:
Warning: 'rgl_init' failed, running with rgl.useNULL = TRUE
Flavor: r-release-osx-x86_64