CRAN Package Check Results for Package lassoshooting

Last updated on 2020-03-27 00:49:25 CET.

Flavor Version Tinstall Tcheck Ttotal Status Flags
r-devel-linux-x86_64-debian-clang 0.1.5-1 3.11 17.41 20.52 NOTE
r-devel-linux-x86_64-debian-gcc 0.1.5-1 2.14 13.77 15.91 NOTE
r-devel-linux-x86_64-fedora-clang 0.1.5-1 26.41 NOTE
r-devel-linux-x86_64-fedora-gcc 0.1.5-1 23.86 NOTE
r-devel-windows-ix86+x86_64 0.1.5-1 9.00 45.00 54.00 NOTE
r-devel-windows-ix86+x86_64-gcc8 0.1.5-1 10.00 38.00 48.00 NOTE
r-patched-linux-x86_64 0.1.5-1 2.19 15.69 17.88 NOTE
r-patched-solaris-x86 0.1.5-1 38.80 NOTE
r-release-linux-x86_64 0.1.5-1 2.23 15.86 18.09 NOTE
r-release-windows-ix86+x86_64 0.1.5-1 9.00 49.00 58.00 NOTE
r-release-osx-x86_64 0.1.5-1 NOTE
r-oldrel-windows-ix86+x86_64 0.1.5-1 7.00 32.00 39.00 NOTE
r-oldrel-osx-x86_64 0.1.5-1 NOTE

Check Details

Version: 0.1.5-1
Check: top-level files
Result: NOTE
    File
     LICENSE
    is not mentioned in the DESCRIPTION file.
Flavors: r-devel-linux-x86_64-debian-clang, r-devel-linux-x86_64-debian-gcc, r-devel-linux-x86_64-fedora-clang, r-devel-linux-x86_64-fedora-gcc, r-devel-windows-ix86+x86_64, r-devel-windows-ix86+x86_64-gcc8, r-patched-linux-x86_64, r-patched-solaris-x86, r-release-linux-x86_64, r-release-windows-ix86+x86_64, r-release-osx-x86_64, r-oldrel-windows-ix86+x86_64, r-oldrel-osx-x86_64

Version: 0.1.5-1
Check: Rd line widths
Result: NOTE
    Rd file 'lassoshooting.Rd':
     \usage lines wider than 90 characters:
     lassoshooting(X=NULL, y=NULL, lambda, XtX=NULL, Xty=NULL, thr=1.0e-6, maxit=1e4, nopenalize=NULL, penaltyweight=NULL, trace=0, ...)
    
    These lines will be truncated in the PDF manual.
Flavors: r-devel-linux-x86_64-debian-clang, r-devel-linux-x86_64-debian-gcc, r-devel-linux-x86_64-fedora-clang, r-devel-linux-x86_64-fedora-gcc, r-patched-linux-x86_64, r-release-linux-x86_64

Version: 0.1.5-1
Check: compiled code
Result: NOTE
    File ‘lassoshooting/libs/lassoshooting.so’:
     Found no calls to: ‘R_registerRoutines’, ‘R_useDynamicSymbols’
    
    It is good practice to register native routines and to disable symbol
    search.
    
    See ‘Writing portable packages’ in the ‘Writing R Extensions’ manual.
Flavors: r-devel-linux-x86_64-fedora-clang, r-devel-linux-x86_64-fedora-gcc