CRAN Package Check Results for Package leafpm

Last updated on 2020-03-27 00:49:26 CET.

Flavor Version Tinstall Tcheck Ttotal Status Flags
r-devel-linux-x86_64-debian-clang 0.1.0 2.31 20.81 23.12 OK
r-devel-linux-x86_64-debian-gcc 0.1.0 1.74 16.50 18.24 OK
r-devel-linux-x86_64-fedora-clang 0.1.0 28.93 NOTE
r-devel-linux-x86_64-fedora-gcc 0.1.0 28.17 NOTE
r-devel-windows-ix86+x86_64 0.1.0 7.00 33.00 40.00 OK
r-devel-windows-ix86+x86_64-gcc8 0.1.0 7.00 38.00 45.00 OK
r-patched-linux-x86_64 0.1.0 1.61 18.93 20.54 OK
r-patched-solaris-x86 0.1.0 45.10 NOTE
r-release-linux-x86_64 0.1.0 1.78 18.80 20.58 OK
r-release-windows-ix86+x86_64 0.1.0 12.00 46.00 58.00 OK
r-release-osx-x86_64 0.1.0 NOTE
r-oldrel-windows-ix86+x86_64 0.1.0 6.00 45.00 51.00 OK
r-oldrel-osx-x86_64 0.1.0 NOTE

Check Details

Version: 0.1.0
Check: dependencies in R code
Result: NOTE
    Namespaces in Imports field not imported from:
     ‘dplyr’ ‘htmlwidgets’ ‘jsonlite’ ‘sf’
     All declared Imports should be used.
Flavors: r-devel-linux-x86_64-fedora-clang, r-devel-linux-x86_64-fedora-gcc, r-patched-solaris-x86, r-release-osx-x86_64, r-oldrel-osx-x86_64