CRAN Package Check Results for Package lokern

Last updated on 2020-03-27 00:49:26 CET.

Flavor Version Tinstall Tcheck Ttotal Status Flags
r-devel-linux-x86_64-debian-clang 1.1-8 4.16 27.11 31.27 OK
r-devel-linux-x86_64-debian-gcc 1.1-8 3.73 21.66 25.39 OK
r-devel-linux-x86_64-fedora-clang 1.1-8 41.59 NOTE
r-devel-linux-x86_64-fedora-gcc 1.1-8 38.36 NOTE
r-devel-windows-ix86+x86_64 1.1-8 21.00 48.00 69.00 OK
r-devel-windows-ix86+x86_64-gcc8 1.1-8 14.00 52.00 66.00 OK
r-patched-linux-x86_64 1.1-8 3.87 24.80 28.67 OK
r-patched-solaris-x86 1.1-8 59.90 OK --no-tests
r-release-linux-x86_64 1.1-8 3.73 24.91 28.64 OK
r-release-windows-ix86+x86_64 1.1-8 32.00 54.00 86.00 OK
r-release-osx-x86_64 1.1-8 OK
r-oldrel-windows-ix86+x86_64 1.1-8 16.00 66.00 82.00 OK
r-oldrel-osx-x86_64 1.1-8 OK

Additional issues

LTO valgrind

Check Details

Version: 1.1-8
Check: compiled code
Result: NOTE
    File ‘lokern/libs/lokern.so’:
     Found no calls to: ‘R_registerRoutines’, ‘R_useDynamicSymbols’
    
    It is good practice to register native routines and to disable symbol
    search.
    
    See ‘Writing portable packages’ in the ‘Writing R Extensions’ manual.
Flavors: r-devel-linux-x86_64-fedora-clang, r-devel-linux-x86_64-fedora-gcc