CRAN Package Check Results for Package ltsa

Last updated on 2020-03-27 00:49:26 CET.

Flavor Version Tinstall Tcheck Ttotal Status Flags
r-devel-linux-x86_64-debian-clang 1.4.6 5.47 28.74 34.21 OK
r-devel-linux-x86_64-debian-gcc 1.4.6 3.52 22.39 25.91 OK
r-devel-linux-x86_64-fedora-clang 1.4.6 42.44 NOTE
r-devel-linux-x86_64-fedora-gcc 1.4.6 39.15 NOTE
r-devel-windows-ix86+x86_64 1.4.6 19.00 70.00 89.00 OK
r-devel-windows-ix86+x86_64-gcc8 1.4.6 19.00 52.00 71.00 OK
r-patched-linux-x86_64 1.4.6 3.73 26.90 30.63 OK
r-patched-solaris-x86 1.4.6 58.70 OK
r-release-linux-x86_64 1.4.6 3.50 26.83 30.33 OK
r-release-windows-ix86+x86_64 1.4.6 26.00 61.00 87.00 OK
r-release-osx-x86_64 1.4.6 OK
r-oldrel-windows-ix86+x86_64 1.4.6 15.00 44.00 59.00 OK
r-oldrel-osx-x86_64 1.4.6 OK

Check Details

Version: 1.4.6
Check: compiled code
Result: NOTE
    File ‘ltsa/libs/ltsa.so’:
     Found no calls to: ‘R_registerRoutines’, ‘R_useDynamicSymbols’
    
    It is good practice to register native routines and to disable symbol
    search.
    
    See ‘Writing portable packages’ in the ‘Writing R Extensions’ manual.
Flavors: r-devel-linux-x86_64-fedora-clang, r-devel-linux-x86_64-fedora-gcc