Last updated on 2020-03-27 00:49:26 CET.
Flavor | Version | Tinstall | Tcheck | Ttotal | Status | Flags |
---|---|---|---|---|---|---|
r-devel-linux-x86_64-debian-clang | 2.3.0 | 17.24 | 21.79 | 39.03 | OK | |
r-devel-linux-x86_64-debian-gcc | 2.3.0 | 12.71 | 17.19 | 29.90 | OK | |
r-devel-linux-x86_64-fedora-clang | 2.3.0 | 49.03 | NOTE | |||
r-devel-linux-x86_64-fedora-gcc | 2.3.0 | 44.36 | OK | |||
r-devel-windows-ix86+x86_64 | 2.3.0 | 64.00 | 31.00 | 95.00 | NOTE | |
r-devel-windows-ix86+x86_64-gcc8 | 2.3.0 | 68.00 | 37.00 | 105.00 | NOTE | |
r-patched-linux-x86_64 | 2.3.0 | 15.32 | 20.11 | 35.43 | OK | |
r-patched-solaris-x86 | 2.3.0 | 72.40 | NOTE | |||
r-release-linux-x86_64 | 2.3.0 | 14.55 | 20.04 | 34.59 | OK | |
r-release-windows-ix86+x86_64 | 2.3.0 | 77.00 | 47.00 | 124.00 | NOTE | |
r-release-osx-x86_64 | 2.3.0 | NOTE | ||||
r-oldrel-windows-ix86+x86_64 | 2.3.0 | 80.00 | 48.00 | 128.00 | NOTE | |
r-oldrel-osx-x86_64 | 2.3.0 | NOTE |
Version: 2.3.0
Check: installed package size
Result: NOTE
installed size is 33.5Mb
sub-directories of 1Mb or more:
mapdata 33.4Mb
Flavors: r-devel-linux-x86_64-fedora-clang, r-devel-windows-ix86+x86_64, r-devel-windows-ix86+x86_64-gcc8, r-patched-solaris-x86, r-release-windows-ix86+x86_64, r-release-osx-x86_64, r-oldrel-windows-ix86+x86_64, r-oldrel-osx-x86_64