CRAN Package Check Results for Package memery

Last updated on 2020-03-27 00:49:27 CET.

Flavor Version Tinstall Tcheck Ttotal Status Flags
r-devel-linux-x86_64-debian-clang 0.5.2 3.29 55.94 59.23 NOTE
r-devel-linux-x86_64-debian-gcc 0.5.2 2.65 42.33 44.98 NOTE
r-devel-linux-x86_64-fedora-clang 0.5.2 71.90 NOTE
r-devel-linux-x86_64-fedora-gcc 0.5.2 66.43 NOTE
r-devel-windows-ix86+x86_64 0.5.2 13.00 76.00 89.00 OK
r-devel-windows-ix86+x86_64-gcc8 0.5.2 9.00 85.00 94.00 OK
r-patched-linux-x86_64 0.5.2 2.68 52.43 55.11 OK
r-patched-solaris-x86 0.5.2 103.10 NOTE
r-release-linux-x86_64 0.5.2 2.00 52.58 54.58 OK
r-release-windows-ix86+x86_64 0.5.2 11.00 105.00 116.00 OK
r-release-osx-x86_64 0.5.2 NOTE
r-oldrel-windows-ix86+x86_64 0.5.2 11.00 104.00 115.00 OK
r-oldrel-osx-x86_64 0.5.2 NOTE

Check Details

Version: 0.5.2
Check: for non-standard things in the check directory
Result: NOTE
    Found the following files/directories:
     'meme_data2.jpg'
Flavors: r-devel-linux-x86_64-debian-clang, r-devel-linux-x86_64-debian-gcc, r-devel-linux-x86_64-fedora-clang, r-devel-linux-x86_64-fedora-gcc, r-patched-solaris-x86

Version: 0.5.2
Check: dependencies in R code
Result: NOTE
    Namespaces in Imports field not imported from:
     ‘colourpicker’ ‘shinyBS’ ‘shinycssloaders’
     All declared Imports should be used.
Flavors: r-devel-linux-x86_64-fedora-clang, r-devel-linux-x86_64-fedora-gcc, r-patched-solaris-x86, r-release-osx-x86_64, r-oldrel-osx-x86_64

Version: 0.5.2
Check: package dependencies
Result: NOTE
    Package suggested but not available for checking: ‘gifski’
Flavor: r-patched-solaris-x86