CRAN Package Check Results for Package metagam

Last updated on 2020-03-27 00:49:27 CET.

Flavor Version Tinstall Tcheck Ttotal Status Flags
r-devel-linux-x86_64-debian-clang 0.1.0 2.94 141.29 144.23 OK
r-devel-linux-x86_64-debian-gcc 0.1.0 2.26 105.87 108.13 OK
r-devel-linux-x86_64-fedora-clang 0.1.0 173.79 NOTE
r-devel-linux-x86_64-fedora-gcc 0.1.0 159.28 NOTE
r-devel-windows-ix86+x86_64 0.1.0 12.00 132.00 144.00 OK
r-devel-windows-ix86+x86_64-gcc8 0.1.0 9.00 161.00 170.00 OK
r-patched-linux-x86_64 0.1.0 2.53 123.27 125.80 OK
r-patched-solaris-x86 0.1.0 226.50 NOTE
r-release-linux-x86_64 0.1.0 2.35 120.69 123.04 OK
r-release-windows-ix86+x86_64 0.1.0 8.00 191.00 199.00 OK
r-release-osx-x86_64 0.1.0 NOTE
r-oldrel-windows-ix86+x86_64 0.1.0 10.00 173.00 183.00 OK
r-oldrel-osx-x86_64 0.1.0 NOTE

Check Details

Version: 0.1.0
Check: dependencies in R code
Result: NOTE
    Namespace in Imports field not imported from: ‘tibble’
     All declared Imports should be used.
Flavors: r-devel-linux-x86_64-fedora-clang, r-devel-linux-x86_64-fedora-gcc, r-patched-solaris-x86, r-release-osx-x86_64, r-oldrel-osx-x86_64