CRAN Package Check Results for Package mgarchBEKK

Last updated on 2020-03-27 00:49:27 CET.

Flavor Version Tinstall Tcheck Ttotal Status Flags
r-devel-linux-x86_64-debian-clang 0.0.2 5.40 35.23 40.63 OK
r-devel-linux-x86_64-debian-gcc 0.0.2 4.20 27.98 32.18 OK
r-devel-linux-x86_64-fedora-clang 0.0.2 50.55 NOTE
r-devel-linux-x86_64-fedora-gcc 0.0.2 47.37 NOTE
r-devel-windows-ix86+x86_64 0.0.2 14.00 67.00 81.00 OK
r-devel-windows-ix86+x86_64-gcc8 0.0.2 15.00 69.00 84.00 OK
r-patched-linux-x86_64 0.0.2 4.28 31.97 36.25 OK
r-patched-solaris-x86 0.0.2 81.40 OK
r-release-linux-x86_64 0.0.2 4.52 31.37 35.89 OK
r-release-windows-ix86+x86_64 0.0.2 21.00 88.00 109.00 OK
r-release-osx-x86_64 0.0.2 OK
r-oldrel-windows-ix86+x86_64 0.0.2 16.00 82.00 98.00 OK
r-oldrel-osx-x86_64 0.0.2 OK

Check Details

Version: 0.0.2
Check: compiled code
Result: NOTE
    File ‘mgarchBEKK/libs/mgarchBEKK.so’:
     Found no calls to: ‘R_registerRoutines’, ‘R_useDynamicSymbols’
    
    It is good practice to register native routines and to disable symbol
    search.
    
    See ‘Writing portable packages’ in the ‘Writing R Extensions’ manual.
Flavors: r-devel-linux-x86_64-fedora-clang, r-devel-linux-x86_64-fedora-gcc