CRAN Package Check Results for Package missingHE

Last updated on 2020-03-27 00:49:27 CET.

Flavor Version Tinstall Tcheck Ttotal Status Flags
r-devel-linux-x86_64-debian-clang 1.3.2 14.00 98.25 112.25 OK
r-devel-linux-x86_64-debian-gcc 1.3.2 12.77 71.21 83.98 OK
r-devel-linux-x86_64-fedora-clang 1.3.2 124.59 NOTE
r-devel-linux-x86_64-fedora-gcc 1.3.2 120.04 NOTE
r-devel-windows-ix86+x86_64 1.3.2 26.00 96.00 122.00 OK
r-devel-windows-ix86+x86_64-gcc8 1.3.2 22.00 106.00 128.00 OK
r-patched-linux-x86_64 1.3.2 10.16 84.19 94.35 OK
r-patched-solaris-x86 1.3.2 169.00 NOTE
r-release-linux-x86_64 1.3.2 12.58 85.21 97.79 OK
r-release-windows-ix86+x86_64 1.3.2 28.00 140.00 168.00 OK
r-release-osx-x86_64 1.3.2 NOTE
r-oldrel-windows-ix86+x86_64 1.3.2 26.00 129.00 155.00 OK
r-oldrel-osx-x86_64 1.3.2 NOTE

Check Details

Version: 1.3.2
Check: dependencies in R code
Result: NOTE
    Namespace in Imports field not imported from: ‘mcmcr’
     All declared Imports should be used.
Flavors: r-devel-linux-x86_64-fedora-clang, r-devel-linux-x86_64-fedora-gcc, r-patched-solaris-x86, r-release-osx-x86_64, r-oldrel-osx-x86_64